{"id":3546,"date":"2019-11-30T14:39:27","date_gmt":"2019-11-30T13:39:27","guid":{"rendered":"http:\/\/bozppo-neu.cz\/?page_id=3546"},"modified":"2023-04-02T11:39:14","modified_gmt":"2023-04-02T09:39:14","slug":"nemoci-z-povolani","status":"publish","type":"page","link":"https:\/\/bozppo-neu.cz\/?page_id=3546","title":{"rendered":"Nemoci z povol\u00e1n\u00ed"},"content":{"rendered":"<p><img decoding=\"async\" loading=\"lazy\" class=\"alignright wp-image-3567\" src=\"http:\/\/bozppo-neu.cz\/wp-content\/uploads\/2019\/11\/47.jpg\" alt=\"47\" width=\"250\" height=\"142\" srcset=\"https:\/\/bozppo-neu.cz\/wp-content\/uploads\/2019\/11\/47.jpg 2156w, https:\/\/bozppo-neu.cz\/wp-content\/uploads\/2019\/11\/47-300x171.jpg 300w, https:\/\/bozppo-neu.cz\/wp-content\/uploads\/2019\/11\/47-768x437.jpg 768w, https:\/\/bozppo-neu.cz\/wp-content\/uploads\/2019\/11\/47-1024x582.jpg 1024w, https:\/\/bozppo-neu.cz\/wp-content\/uploads\/2019\/11\/47-1200x682.jpg 1200w\" sizes=\"(max-width: 250px) 100vw, 250px\" \/>Za nemoci z&nbsp;povol\u00e1n\u00ed se podle \u00a7 271k z\u00e1kon\u00edku pr\u00e1ce, ve zn\u011bn\u00ed \u010d. 205\/2015 Sb., pova\u017euj\u00ed nemoci, kter\u00e9 jsou uvedeny ve zvl\u00e1\u0161tn\u00edm pr\u00e1vn\u00edm p\u0159edpisu, kter\u00fdm je&nbsp;na\u0159\u00edzen\u00ed vl\u00e1dy \u010d. 290\/1995&nbsp;Sb., kter\u00fdm se stanov\u00ed seznam nemoc\u00ed z&nbsp;povol\u00e1n\u00ed, ve zn\u011bn\u00ed pozd\u011bj\u0161\u00edch p\u0159edpis\u016f.<\/p>\n<h4>Uzn\u00e1n\u00ed nemoci z povol\u00e1n\u00ed<\/h4>\n<p>Postup p\u0159i uzn\u00e1v\u00e1n\u00ed nemoc\u00ed z&nbsp;povol\u00e1n\u00ed upravuje vyhl\u00e1\u0161ka \u010d. 104\/2012 Sb. (vyhl\u00e1\u0161ka o posuzov\u00e1n\u00ed nemoc\u00ed z&nbsp;povol\u00e1n\u00ed). Pro rozhodov\u00e1n\u00ed o uzn\u00e1n\u00ed nemoci z&nbsp;povol\u00e1n\u00ed nen\u00ed podstatn\u00e9, zda nemoc prokazateln\u011b vznikla p\u0159i ur\u010dit\u00e9 pr\u00e1ci, n\u00fdbr\u017e jen to, zda posuzovan\u00fd vykon\u00e1val pr\u00e1ci, kter\u00e1 sv\u00fdm charakterem odpov\u00eddala podm\u00ednk\u00e1m vzniku nemoci z&nbsp;povol\u00e1n\u00ed. Nemoc mohou uznat pouze k&nbsp;tomu opr\u00e1vn\u011bn\u00e1 odborn\u00e1 pracovi\u0161t\u011b (opr\u00e1vn\u011bn\u00fd poskytovatel zdravotn\u00edch slu\u017eeb). Ta o tom vydaj\u00ed l\u00e9ka\u0159sk\u00fd posudek. Proti posudku o uzn\u00e1n\u00ed nebo neuzn\u00e1n\u00ed nemoci z&nbsp;povol\u00e1n\u00ed se zam\u011bstnanec i zam\u011bstnavatel mohou odvolat.<\/p>\n<p>Nemoc z&nbsp;povol\u00e1n\u00ed m\u016f\u017ee b\u00fdt \u201eoduzn\u00e1na\u201c vyd\u00e1n\u00edm l\u00e9ka\u0159sk\u00e9ho posudku, kter\u00fd deklaruje, \u017ee zam\u011bstnanec uznanou nemoc\u00ed z&nbsp;povol\u00e1n\u00ed ji\u017e netrp\u00ed.<\/p>\n<h4>Povinnosti zam\u011bstnavatele<\/h4>\n<p>Zam\u011bstnavatel je povinen v\u00e9st evidenci zam\u011bstnanc\u016f, u nich\u017e byla uzn\u00e1na nemoc z&nbsp;povol\u00e1n\u00ed, kter\u00e1 vznikla na jeho pracovi\u0161t\u00edch.<\/p>\n<p>Zam\u011bstnanci, kter\u00e9mu byla p\u0159izn\u00e1na nemoc z povol\u00e1n\u00ed n\u00e1le\u017eej\u00ed st\u00e9jn\u00e9 <a href=\"http:\/\/bozppo-neu.cz\/?page_id=649\">n\u00e1hrady vznikl\u00fdch \u0161kod a nemajetkov\u00e9 \u00fajmy<\/a> jako p\u0159i utrp\u011bn\u00ed pracovn\u00edho \u00farazu.<\/p>\n<p>Zam\u011bstnavatel m\u00e1, na z\u00e1klad\u011b po\u017eadavku z\u00e1kon\u00edku pr\u00e1ce (\u00a7 105 odst. 6), uplatnit takov\u00e1 opat\u0159en\u00ed, aby odstranil nebo minimalizoval rizikov\u00e9 faktory, kter\u00e9 vyvol\u00e1vaj\u00ed nemoc z&nbsp;povol\u00e1n\u00ed.<\/p>\n<p style=\"text-align: right;\">2019-11-30<\/p>\n\n\n<pre class=\"wp-block-code\"><code><p align=\"center\"><a href=\"http:\/\/bozppo-neu.cz\/?page_id=1995\"><img decoding=\"async\" loading=\"lazy\" src=\"http:\/\/bozppo-neu.cz\/img\/menubutton.jpg\" alt=\"o uroven vyse\" width=\"50\" height=\"72\"><\/a><\/p><\/code><\/pre>\n","protected":false},"excerpt":{"rendered":"<p>Za nemoci z&nbsp;povol\u00e1n\u00ed se podle \u00a7 271k z\u00e1kon\u00edku pr\u00e1ce, ve zn\u011bn\u00ed \u010d. 205\/2015 Sb., pova\u017euj\u00ed nemoci, kter\u00e9 jsou uvedeny ve zvl\u00e1\u0161tn\u00edm pr\u00e1vn\u00edm p\u0159edpisu, kter\u00fdm je&nbsp;na\u0159\u00edzen\u00ed vl\u00e1dy \u010d. 290\/1995&nbsp;Sb., kter\u00fdm se stanov\u00ed seznam nemoc\u00ed z&nbsp;povol\u00e1n\u00ed, ve zn\u011bn\u00ed pozd\u011bj\u0161\u00edch p\u0159edpis\u016f. Uzn\u00e1n\u00ed nemoci z povol\u00e1n\u00ed Postup p\u0159i uzn\u00e1v\u00e1n\u00ed nemoc\u00ed z&nbsp;povol\u00e1n\u00ed upravuje vyhl\u00e1\u0161ka \u010d. 104\/2012 Sb. (vyhl\u00e1\u0161ka o posuzov\u00e1n\u00ed [&hellip;]<\/p>\n","protected":false},"author":1,"featured_media":0,"parent":0,"menu_order":0,"comment_status":"closed","ping_status":"closed","template":"","meta":[],"_links":{"self":[{"href":"https:\/\/bozppo-neu.cz\/index.php?rest_route=\/wp\/v2\/pages\/3546"}],"collection":[{"href":"https:\/\/bozppo-neu.cz\/index.php?rest_route=\/wp\/v2\/pages"}],"about":[{"href":"https:\/\/bozppo-neu.cz\/index.php?rest_route=\/wp\/v2\/types\/page"}],"author":[{"embeddable":true,"href":"https:\/\/bozppo-neu.cz\/index.php?rest_route=\/wp\/v2\/users\/1"}],"replies":[{"embeddable":true,"href":"https:\/\/bozppo-neu.cz\/index.php?rest_route=%2Fwp%2Fv2%2Fcomments&post=3546"}],"version-history":[{"count":6,"href":"https:\/\/bozppo-neu.cz\/index.php?rest_route=\/wp\/v2\/pages\/3546\/revisions"}],"predecessor-version":[{"id":5445,"href":"https:\/\/bozppo-neu.cz\/index.php?rest_route=\/wp\/v2\/pages\/3546\/revisions\/5445"}],"wp:attachment":[{"href":"https:\/\/bozppo-neu.cz\/index.php?rest_route=%2Fwp%2Fv2%2Fmedia&parent=3546"}],"curies":[{"name":"wp","href":"https:\/\/api.w.org\/{rel}","templated":true}]}}