{"id":6186,"date":"2025-12-13T19:38:47","date_gmt":"2025-12-13T18:38:47","guid":{"rendered":"https:\/\/bozppo-neu.cz\/?page_id=6186"},"modified":"2026-03-27T12:50:29","modified_gmt":"2026-03-27T11:50:29","slug":"nova-pravni-uprava-povinnosti-zamestnavatele-pri-vzniku-pracovniho-urazu","status":"publish","type":"page","link":"http:\/\/bozppo-neu.cz\/?page_id=6186","title":{"rendered":">>>Dal\u0161\u00ed novinka v oblasti pracovn\u00edch \u00faraz\u016f<<<"},"content":{"rendered":"<div class=\"wp-block-image\">\n<figure class=\"alignright size-full is-resized\"><a href=\"https:\/\/www.koop.cz\/file\/edee\/2026\/03\/1-Hlaseni-pojistne-udalosti.pdf\"><img decoding=\"async\" loading=\"lazy\" src=\"https:\/\/bozppo-neu.cz\/wp-content\/uploads\/2026\/03\/obrazek-1.png\" alt=\"\" class=\"wp-image-6379\" width=\"458\" height=\"316\" srcset=\"http:\/\/bozppo-neu.cz\/wp-content\/uploads\/2026\/03\/obrazek-1.png 632w, http:\/\/bozppo-neu.cz\/wp-content\/uploads\/2026\/03\/obrazek-1-300x206.png 300w\" sizes=\"(max-width: 458px) 100vw, 458px\" \/><\/a><\/figure><\/div>\n\n\n<p>Po zm\u011bn\u00e1ch v oblasti evidence pracovn\u00edch \u00faraz\u016f (<strong><a href=\"https:\/\/bozppo-neu.cz\/?page_id=6135\">digitalizace ozn\u00e1men\u00ed a zasl\u00e1n\u00ed informace o vzniku pracovn\u00edho \u00farazu<\/a><\/strong>) doch\u00e1z\u00ed ke zm\u011bn\u011b i v oblasti n\u00e1hrad \u0161kody a nemajetkov\u00e9 \u00fajmy po\u0161kozen\u00e9mu (od\u0161kodn\u011bn\u00ed). D\u016fvodem k tomu je pr\u00e1v\u011b zav\u00e1d\u011bn\u00e1 novinka &#8222;Jednotn\u00e9 m\u011bs\u00ed\u010dn\u00ed hl\u00e1\u0161en\u00ed zam\u011bstnavatel\u016f&#8220; (JMHZ).<\/p>\n\n\n\n<p>Podle z\u00e1kona \u010d. <a href=\"https:\/\/www.zakonyprolidi.cz\/cs\/2025-323\"><strong>323\/2025 Sb.<\/strong><\/a>, o jednotn\u00e9m m\u011bs\u00ed\u010dn\u00edm hl\u00e1\u0161en\u00ed zam\u011bstnavatele, mus\u00ed poji\u0161\u0165ovna, kter\u00e1 za zam\u011bstnavatele po\u0161kozen\u00e9mu vyplat\u00ed n\u00e1hradu za ztr\u00e1tu na v\u00fdd\u011blku, plnit v z\u00e1kon\u011b stanoven\u00e9 povinnosti zam\u011bstnavatel\u016fm. Podklady pro spln\u011bn\u00ed si poji\u0161\u0165ovna vy\u017e\u00e1d\u00e1 na zam\u011bstnavateli po\u0161kozen\u00e9ho (po po\u0161kozen\u00e9m, jak n\u011bkte\u0159\u00ed uv\u00e1d\u011bj\u00ed, \u017ee by m\u011bla, nen\u00ed opr\u00e1vn\u011bna je po\u017eadovat; nav\u00edc, ne v\u0161echny \u00fadaje po\u0161kozen\u00fd zn\u00e1).<\/p>\n\n\n\n<p>Z v\u00fd\u0161e uveden\u00e9ho d\u016fvodu m\u016f\u017eete v sou\u010dasn\u00e9 dob\u011b od poji\u0161\u0165ovny obdr\u017eet dopis, v kter\u00e9m v\u00e1s bude \u017e\u00e1dat o dopln\u011bn\u00ed va\u0161\u00ed \u017e\u00e1dosti o proveden\u00ed v\u00fdplaty n\u00e1hrad po\u0161kozen\u00e9mu. \u017d\u00e1dat bude o dopln\u011bn\u00ed data narozen\u00ed, rodn\u00e9ho p\u0159\u00edjmen\u00ed, st\u00e1tu m\u00edsta narozen\u00ed, obce m\u00edsta narozen\u00ed, st\u00e1tn\u00edho ob\u010danstv\u00ed, pohlav\u00ed (M\/\u017d) a osobn\u00edho identifika\u010dn\u00edho \u010d\u00edsla zam\u011bstnance (OI\u010c). D\u016fvodem je, \u017ee ji\u017e za m\u011bs\u00edce leden a\u017e b\u0159ezen 2026 je v dob\u011b od 1. dubna do 30. \u010dervna 2026 povinna podat JMHZ.<\/p>\n\n\n\n<p>Vzhledem k popsan\u00e9 pot\u0159eb\u011b ji\u017e Kooperativa poji\u0161\u0165ovna, a.s. vydala nov\u00e9 formul\u00e1\u0159e pro prov\u00e1d\u011bn\u00ed n\u00e1hrad vznikl\u00fdch \u0161kod a nemajetkov\u00e9 \u00fajmy. Nov\u00e9 <strong>&#8222;<a href=\"https:\/\/www.koop.cz\/file\/edee\/2026\/03\/1-Hlaseni-pojistne-udalosti.pdf\">Hl\u00e1\u0161en\u00ed pojistn\u00e9 ud\u00e1losti<\/a>&#8222;<\/strong> ji\u017e v\u00fd\u0161e uveden\u00e9 \u00fadaje obsahuje, jako\u017e i formul\u00e1\u0159 <strong>&#8222;<a href=\"https:\/\/www.koop.cz\/file\/edee\/2026\/03\/2-Nahrada-ztraty-na-vydelku-po-dobu-PN.pdf\">N\u00e1hrada ztr\u00e1ty na v\u00fdd\u011blku po dobu pracovn\u00ed neschopnosti<\/a>&#8222;<\/strong> (obsahuje n\u00e1vod k vypln\u011bn\u00ed). Bohu\u017eel, doch\u00e1z\u00ed tak k v\u00fdznamn\u00e9mu n\u00e1r\u016fstu administrativn\u00ed z\u00e1t\u011b\u017ee.<\/p>\n\n\n\n<p><\/p>\n\n\n\n<p class=\"has-text-align-right\">2026-03-26<\/p>\n","protected":false},"excerpt":{"rendered":"<p>Po zm\u011bn\u00e1ch v oblasti evidence pracovn\u00edch \u00faraz\u016f (digitalizace ozn\u00e1men\u00ed a zasl\u00e1n\u00ed informace o vzniku pracovn\u00edho \u00farazu) doch\u00e1z\u00ed ke zm\u011bn\u011b i v oblasti n\u00e1hrad \u0161kody a nemajetkov\u00e9 \u00fajmy po\u0161kozen\u00e9mu (od\u0161kodn\u011bn\u00ed). D\u016fvodem k tomu je pr\u00e1v\u011b zav\u00e1d\u011bn\u00e1 novinka &#8222;Jednotn\u00e9 m\u011bs\u00ed\u010dn\u00ed hl\u00e1\u0161en\u00ed zam\u011bstnavatel\u016f&#8220; (JMHZ). Podle z\u00e1kona \u010d. 323\/2025 Sb., o jednotn\u00e9m m\u011bs\u00ed\u010dn\u00edm hl\u00e1\u0161en\u00ed zam\u011bstnavatele, mus\u00ed poji\u0161\u0165ovna, kter\u00e1 za [&hellip;]<\/p>\n","protected":false},"author":1,"featured_media":0,"parent":0,"menu_order":0,"comment_status":"closed","ping_status":"closed","template":"","meta":[],"_links":{"self":[{"href":"http:\/\/bozppo-neu.cz\/index.php?rest_route=\/wp\/v2\/pages\/6186"}],"collection":[{"href":"http:\/\/bozppo-neu.cz\/index.php?rest_route=\/wp\/v2\/pages"}],"about":[{"href":"http:\/\/bozppo-neu.cz\/index.php?rest_route=\/wp\/v2\/types\/page"}],"author":[{"embeddable":true,"href":"http:\/\/bozppo-neu.cz\/index.php?rest_route=\/wp\/v2\/users\/1"}],"replies":[{"embeddable":true,"href":"http:\/\/bozppo-neu.cz\/index.php?rest_route=%2Fwp%2Fv2%2Fcomments&post=6186"}],"version-history":[{"count":12,"href":"http:\/\/bozppo-neu.cz\/index.php?rest_route=\/wp\/v2\/pages\/6186\/revisions"}],"predecessor-version":[{"id":6398,"href":"http:\/\/bozppo-neu.cz\/index.php?rest_route=\/wp\/v2\/pages\/6186\/revisions\/6398"}],"wp:attachment":[{"href":"http:\/\/bozppo-neu.cz\/index.php?rest_route=%2Fwp%2Fv2%2Fmedia&parent=6186"}],"curies":[{"name":"wp","href":"https:\/\/api.w.org\/{rel}","templated":true}]}}