{"id":5471,"date":"2023-04-09T10:10:24","date_gmt":"2023-04-09T08:10:24","guid":{"rendered":"http:\/\/bozppo-neu.cz\/?page_id=5471"},"modified":"2023-04-09T12:29:35","modified_gmt":"2023-04-09T10:29:35","slug":"audit","status":"publish","type":"page","link":"http:\/\/bozppo-neu.cz\/?page_id=5471","title":{"rendered":"Audit"},"content":{"rendered":"\n<p>Audit slou\u017e\u00ed k ov\u011b\u0159en\u00ed, zda je vytvo\u0159en a do praxe zaveden funk\u010dn\u00ed syst\u00e9m \u0159\u00edzen\u00ed BOZP (sou\u010d\u00e1st\u00ed BOZP obvykle b\u00fdv\u00e1 i po\u017e\u00e1rn\u00ed ochrana). Slou\u017e\u00ed tedy k vyhled\u00e1v\u00e1n\u00ed nedostatk\u016f syst\u00e9mu \u0159\u00edzen\u00ed. C\u00edlem nen\u00ed pouh\u00e9 potvrzen\u00ed zaveden\u00ed syst\u00e9mu, ale t\u00e9\u017e i jeho neust\u00e1l\u00e9ho zlep\u0161ov\u00e1n\u00ed.<\/p>\n\n\n\n<p>Audit m\u016f\u017ee b\u00fdt prov\u00e1d\u011bt prvn\u00ed stranou (intern\u00ed audit proveden\u00fd vlastn\u00edmi vy\u0161kolen\u00fdmi pracovn\u00edky), druhou (extern\u00ed audit proveden\u00fd z\u00e1kazn\u00edkem nebo smluvn\u00ed organizac\u00ed z\u00e1kazn\u00edka) nebo t\u0159et\u00ed stranou (extern\u00ed audit prov\u00e1d\u011bn\u00fd nez\u00e1vislou certifika\u010dn\u00ed auditorskou organikzac\u00ed). <\/p>\n\n\n\n<p>Certifik\u00e1t, potvrzuj\u00edc\u00ed shodu s p\u0159\u00edslu\u0161n\u00fdm dokumentem stanovuj\u00edc\u00edm po\u017eadavky na syst\u00e9m managementu (nap\u0159. ISO 45001), nemus\u00ed b\u00fdt nutn\u011b v\u017edy vyd\u00e1n. V n\u011bkter\u00fdch p\u0159\u00edpadech je mo\u017en\u00e9 jej nahradit vlastn\u00edm prohl\u00e1\u0161en\u00edm o shod\u011b na z\u00e1klad\u011b pozitivn\u00edho v\u00fdsledku intern\u00edho auditu, kdy byla shoda prok\u00e1z\u00e1na &#8211; viz nap\u0159\u00edklad \u010cSN ISO 45001:2018 v&nbsp;\u010dl. 0.5 Obsah tohoto dokumentu. Jin\u00e9 standardy certifikaci nepo\u017eaduj\u00ed v\u016fbec, nap\u0159\u00edklad &#8222;Metodick\u00e9 n\u00e1vody pro syst\u00e9my \u0159\u00edzen\u00ed BOZP ILO-OSH 2001&#8220;. U\u017e jen z tohoto je zcela z\u0159ejm\u00e9, \u017ee c\u00edlem zaveden\u00ed syst\u00e9mu managementu NEN\u00cd z\u00edsk\u00e1n\u00ed certifik\u00e1tu, jak je v n\u011bkter\u00fdch spole\u010dnostech ch\u00e1p\u00e1no.<\/p>\n\n\n\n<p>Problematice prov\u00e1d\u011bn\u00ed auditu jsou v\u011bnov\u00e1ny str\u00e1nky:<\/p>\n\n\n\n<ul>\n<li><a href=\"http:\/\/bozppo-neu.cz\/?page_id=5462\" data-type=\"page\" data-id=\"5462\">Rozd\u00edl mezi auditem a kontrolou<\/a><\/li>\n<\/ul>\n\n\n\n<ul>\n<li><a href=\"http:\/\/bozppo-neu.cz\/?page_id=4094\" data-type=\"page\" data-id=\"4094\">Jak se chovat p\u0159i auditu<\/a><\/li>\n<\/ul>\n\n\n\n<ul>\n<li><a href=\"http:\/\/bozppo-neu.cz\/?page_id=5482\" data-type=\"page\" data-id=\"5482\">M\u016f\u017ee &#8222;bezpe\u010d\u00e1k&#8220; vykon\u00e1vat funkci intern\u00edho auditora BOZP?<\/a><\/li>\n<\/ul>\n\n\n\n<ul>\n<li><a href=\"http:\/\/bozppo-neu.cz\/?page_id=5488\" data-type=\"page\" data-id=\"5488\">Perli\u010dky z audit\u016f<\/a><\/li>\n<\/ul>\n\n\n\n<p class=\"has-text-align-right\">2023-04-09<\/p>\n","protected":false},"excerpt":{"rendered":"<p>Audit slou\u017e\u00ed k ov\u011b\u0159en\u00ed, zda je vytvo\u0159en a do praxe zaveden funk\u010dn\u00ed syst\u00e9m \u0159\u00edzen\u00ed BOZP (sou\u010d\u00e1st\u00ed BOZP obvykle b\u00fdv\u00e1 i po\u017e\u00e1rn\u00ed ochrana). Slou\u017e\u00ed tedy k vyhled\u00e1v\u00e1n\u00ed nedostatk\u016f syst\u00e9mu \u0159\u00edzen\u00ed. C\u00edlem nen\u00ed pouh\u00e9 potvrzen\u00ed zaveden\u00ed syst\u00e9mu, ale t\u00e9\u017e i jeho neust\u00e1l\u00e9ho zlep\u0161ov\u00e1n\u00ed. Audit m\u016f\u017ee b\u00fdt prov\u00e1d\u011bt prvn\u00ed stranou (intern\u00ed audit proveden\u00fd vlastn\u00edmi vy\u0161kolen\u00fdmi pracovn\u00edky), druhou (extern\u00ed [&hellip;]<\/p>\n","protected":false},"author":1,"featured_media":0,"parent":0,"menu_order":0,"comment_status":"closed","ping_status":"closed","template":"","meta":[],"_links":{"self":[{"href":"http:\/\/bozppo-neu.cz\/index.php?rest_route=\/wp\/v2\/pages\/5471"}],"collection":[{"href":"http:\/\/bozppo-neu.cz\/index.php?rest_route=\/wp\/v2\/pages"}],"about":[{"href":"http:\/\/bozppo-neu.cz\/index.php?rest_route=\/wp\/v2\/types\/page"}],"author":[{"embeddable":true,"href":"http:\/\/bozppo-neu.cz\/index.php?rest_route=\/wp\/v2\/users\/1"}],"replies":[{"embeddable":true,"href":"http:\/\/bozppo-neu.cz\/index.php?rest_route=%2Fwp%2Fv2%2Fcomments&post=5471"}],"version-history":[{"count":8,"href":"http:\/\/bozppo-neu.cz\/index.php?rest_route=\/wp\/v2\/pages\/5471\/revisions"}],"predecessor-version":[{"id":5505,"href":"http:\/\/bozppo-neu.cz\/index.php?rest_route=\/wp\/v2\/pages\/5471\/revisions\/5505"}],"wp:attachment":[{"href":"http:\/\/bozppo-neu.cz\/index.php?rest_route=%2Fwp%2Fv2%2Fmedia&parent=5471"}],"curies":[{"name":"wp","href":"https:\/\/api.w.org\/{rel}","templated":true}]}}