{"id":5080,"date":"2023-03-22T17:35:19","date_gmt":"2023-03-22T16:35:19","guid":{"rendered":"http:\/\/bozppo-neu.cz\/?page_id=5080"},"modified":"2023-04-02T11:00:26","modified_gmt":"2023-04-02T09:00:26","slug":"dokumentace-bozp-a-po","status":"publish","type":"page","link":"http:\/\/bozppo-neu.cz\/?page_id=5080","title":{"rendered":"Dokumentace BOZP a PO"},"content":{"rendered":"\n<p>Ned\u00edlnou sou\u010d\u00e1st\u00ed zaji\u0161\u0165ov\u00e1n\u00ed BOZP a PO je tvorba a veden\u00ed p\u0159\u00edslu\u0161n\u00e9 dokumentace, a to i v p\u0159\u00edpad\u011b, \u017ee firma nebo spole\u010dnost nem\u00e1 zaveden\u00fd <a href=\"http:\/\/bozppo-neu.cz\/?page_id=4043\"><strong>syst\u00e9m managementu<\/strong><\/a>.<\/p>\n\n\n\n<p>Zpracov\u00e1n\u00ed a veden\u00ed dokumentace nen\u00ed snadnou z\u00e1le\u017eitost\u00ed, jak se m\u016f\u017ee zd\u00e1t. M\u00e1 sv\u00e1 \u00faskal\u00ed a m\u00e1 sv\u00e1 pravidla. Lze uv\u00e9st, \u017ee stejn\u011b jako po\u017e\u00e1rn\u00ed ochrana a krizov\u00fd management, tak i oblast tvorby \u201e\u00fa\u0159edn\u00ed\u201c dokumentace je oblast\u00ed, kter\u00e1 navazuje a prol\u00edn\u00e1 se do BOZP.<\/p>\n\n\n\n<ul>\n<li><a href=\"http:\/\/bozppo-neu.cz\/?page_id=3436\">M\u00edstn\u00ed provozn\u011b bezpe\u010dnostn\u00ed p\u0159edpisy<\/a><\/li>\n<\/ul>\n\n\n\n<ul>\n<li><a href=\"http:\/\/bozppo-neu.cz\/?page_id=2595\">Vzory dokument\u016f BOZP a PO<\/a><\/li>\n<\/ul>\n\n\n\n<ul>\n<li><a href=\"http:\/\/bozppo-neu.cz\/?page_id=3477\">Interaktivn\u00ed formul\u00e1\u0159e<\/a><\/li>\n<\/ul>\n\n\n\n<ul>\n<li><a href=\"http:\/\/bozppo-neu.cz\/?page_id=1189\">Pou\u017eit\u00ed rodn\u00e9ho \u010d\u00edsla v dokumentaci BOZP nebo PO<\/a><\/li>\n<\/ul>\n\n\n\n<ul>\n<li><a href=\"http:\/\/bozppo-neu.cz\/?page_id=2415\">Nevhodn\u00e1 terminologie v dokumentech BOZP a PO<\/a><\/li>\n<\/ul>\n\n\n\n<ul>\n<li><a href=\"http:\/\/bozppo-neu.cz\/?page_id=884\">Doba uchov\u00e1n\u00ed dokument\u016f BOZP a PO<\/a><\/li>\n<\/ul>\n","protected":false},"excerpt":{"rendered":"<p>Ned\u00edlnou sou\u010d\u00e1st\u00ed zaji\u0161\u0165ov\u00e1n\u00ed BOZP a PO je tvorba a veden\u00ed p\u0159\u00edslu\u0161n\u00e9 dokumentace, a to i v p\u0159\u00edpad\u011b, \u017ee firma nebo spole\u010dnost nem\u00e1 zaveden\u00fd syst\u00e9m managementu. Zpracov\u00e1n\u00ed a veden\u00ed dokumentace nen\u00ed snadnou z\u00e1le\u017eitost\u00ed, jak se m\u016f\u017ee zd\u00e1t. M\u00e1 sv\u00e1 \u00faskal\u00ed a m\u00e1 sv\u00e1 pravidla. Lze uv\u00e9st, \u017ee stejn\u011b jako po\u017e\u00e1rn\u00ed ochrana a krizov\u00fd management, tak i [&hellip;]<\/p>\n","protected":false},"author":1,"featured_media":0,"parent":0,"menu_order":0,"comment_status":"closed","ping_status":"closed","template":"","meta":[],"_links":{"self":[{"href":"http:\/\/bozppo-neu.cz\/index.php?rest_route=\/wp\/v2\/pages\/5080"}],"collection":[{"href":"http:\/\/bozppo-neu.cz\/index.php?rest_route=\/wp\/v2\/pages"}],"about":[{"href":"http:\/\/bozppo-neu.cz\/index.php?rest_route=\/wp\/v2\/types\/page"}],"author":[{"embeddable":true,"href":"http:\/\/bozppo-neu.cz\/index.php?rest_route=\/wp\/v2\/users\/1"}],"replies":[{"embeddable":true,"href":"http:\/\/bozppo-neu.cz\/index.php?rest_route=%2Fwp%2Fv2%2Fcomments&post=5080"}],"version-history":[{"count":2,"href":"http:\/\/bozppo-neu.cz\/index.php?rest_route=\/wp\/v2\/pages\/5080\/revisions"}],"predecessor-version":[{"id":5433,"href":"http:\/\/bozppo-neu.cz\/index.php?rest_route=\/wp\/v2\/pages\/5080\/revisions\/5433"}],"wp:attachment":[{"href":"http:\/\/bozppo-neu.cz\/index.php?rest_route=%2Fwp%2Fv2%2Fmedia&parent=5080"}],"curies":[{"name":"wp","href":"https:\/\/api.w.org\/{rel}","templated":true}]}}