{"id":434,"date":"2016-12-18T12:34:07","date_gmt":"2016-12-18T11:34:07","guid":{"rendered":"http:\/\/bozppo-neu.cz\/?page_id=434"},"modified":"2025-01-24T18:54:30","modified_gmt":"2025-01-24T17:54:30","slug":"odkazy-na-animace-a-videa","status":"publish","type":"page","link":"http:\/\/bozppo-neu.cz\/?page_id=434","title":{"rendered":"Odkazy na animace a videa"},"content":{"rendered":"<p><a href=\"https:\/\/www.napofilm.net\/cs\/about-napo\/napo-and-friends\"><span style=\"font-family: Arial; font-size: small;\"><img decoding=\"async\" loading=\"lazy\" class=\"alignright wp-image-1171\" src=\"http:\/\/bozppo-neu.cz\/wp-content\/uploads\/2017\/01\/Napo_0.png\" alt=\"napo_0\" width=\"147\" height=\"200\" \/><\/span><\/a><span style=\"font-family: Arial; font-size: small;\">\u25ba <\/span><span style=\"font-family: Arial; font-size: small;\"><a href=\"https:\/\/www.youtube.com\/@napofilms\/playlists\">Napo \u2013 animace<\/a> (p\u0159\u00edb\u011bhy Napa, postavi\u010dky vpravo, a jeho p\u0159\u00e1tel o probl\u00e9mech se zaji\u0161\u0165ov\u00e1n\u00edm BOZP na r\u016fzn\u00fdch pracovi\u0161t\u00edch)<\/span><\/p>\n<p><span style=\"font-family: Arial; font-size: small;\">\u25ba <a href=\"https:\/\/www.youtube.com\/watch?v=Q22JLbfrBSY\">Je\u0161t\u011brk\u00e1\u0159 Klaus<\/a> \u2013 instrukt\u00e1\u017en\u00ed video s titulky (pozor, n\u011bkter\u00e9 sc\u00e9ny mohou p\u016fsobit drasticky)<\/span><\/p>\n<ul>\n<li><span style=\"font-family: Arial; font-size: small;\"><a href=\"http:\/\/www.staplerfahrerklaus.de\/\" target=\"_blank\" rel=\"noopener\">o videu<\/a><\/span><\/li>\n<\/ul>\n<p><span style=\"font-family: Arial; font-size: small;\">\u25ba <a href=\"http:\/\/www.hzscr.cz\/clanek\/letaky-a-prirucky.aspx?q=Y2hudW09Ng==\" target=\"_blank\" rel=\"noopener\">Hasi\u010di varuj\u00ed<\/a> (filmov\u00e9 \u0161oty, kter\u00e9 pro MV \u010cR vytvo\u0159ili studenti FAMO P\u00edsek)<\/span><\/p>\n<p><span style=\"font-family: Arial; font-size: small;\">\u25ba <a href=\"https:\/\/www.youtube.com\/watch?v=CZyy4zu9MHY\">Po\u017e\u00e1r stadionu V<\/a><\/span><span style=\"font-family: Arial; font-size: small;\"><a href=\"https:\/\/www.youtube.com\/watch?v=CZyy4zu9MHY\">alley Parade v anglick\u00e9m Bradfordu<\/a> (prvn\u00ed, ojedin\u011bl\u00fd, plamen vy\u0161lehl 10 s p\u0159edt\u00edm, ne\u017e za\u010d\u00edn\u00e1 tento z\u00e1znam; uk\u00e1zka, jak se po\u017e\u00e1r dok\u00e1\u017ee \u0161\u00ed\u0159it velmi rychle, jako\u017e i, \u017ee k jeho p\u0159enosu s\u00e1l\u00e1n\u00edm m\u016f\u017ee doj\u00edt na zna\u010dnou vzd\u00e1lenost &#8211; \u010das 15:47:19:05)<br \/>\n<\/span><\/p>\n<ul>\n<li><a href=\"http:\/\/www.pozary.cz\/clanek\/110776-stadion-valley-parade-v-anglickem-bradfordu-zazil-pred-30-lety-jeden-z-nejhorsich-pozaru-ve-fotbalove-historii\/\"><span style=\"font-family: Arial; font-size: small;\">podrobn\u011bj\u0161\u00ed informace k po\u017e\u00e1ru<\/span><\/a><span style=\"font-family: Arial; font-size: small;\"><br \/>\n<\/span><\/li>\n<\/ul>\n<p><span style=\"font-family: Arial; font-size: small;\">\u25ba <a href=\"https:\/\/youtu.be\/lPyrJbKJpIY\">Jak dlouho trv\u00e1, ne\u017e od v\u00e1no\u010dn\u00edho strome\u010dku vyho\u0159\u00ed ob\u00fdv\u00e1k?<\/a> (zaj\u00edmav\u00e1 nen\u00ed jen doba rozvoje po\u017e\u00e1ru, ale t\u00e9\u017e i \u010das zakou\u0159en\u00ed prostoru pro vzp\u0159\u00edmenou ch\u016fzi dosp\u011bl\u00e9 osoby)<br \/>\n<\/span><\/p>\n<p><span style=\"font-family: Arial; font-size: small;\">\u25ba Zaj\u00edmav\u00e9 \u0161oty:<\/span><\/p>\n<ul>\n<li><span lang=\"en\"><span style=\"font-family: Arial; font-size: small;\"><a href=\"http:\/\/www.youtube.com\/watch?v=3f7eZ_sM5BY\" target=\"_blank\" rel=\"noopener\">BOZP v praxi<\/a><\/span><\/span><\/li>\n<li><span lang=\"en\"><span style=\"font-family: Arial; font-size: small;\"><a href=\"https:\/\/www.youtube.com\/watch?v=1epNhWbfkbA\">Poetick\u00e1 reklama na pou\u017e\u00edv\u00e1n\u00ed bezpe\u010dnostn\u00edch p\u00e1s\u016f<\/a> (pozor, p\u0159i n\u00e1razu neudr\u017e\u00ed \u010dlov\u011bk ani mal\u00e9 d\u00edt\u011b v\u00a0n\u00e1ru\u010di \u2013 popis co se d\u011bje\u00a0p\u0159i n\u00e1razu do\u00a0pevn\u00e9 p\u0159ek\u00e1\u017eky v\u00a0rychlosti 90\u00a0km\/h naleznete v\u00a0druh\u00e9 polovin\u011b dal\u0161\u00ed <a href=\"http:\/\/bozppo-neu.cz\/?page_id=189\">str\u00e1nky<\/a>)<\/span><\/span><\/li>\n<\/ul>\n","protected":false},"excerpt":{"rendered":"<p>\u25ba Napo \u2013 animace (p\u0159\u00edb\u011bhy Napa, postavi\u010dky vpravo, a jeho p\u0159\u00e1tel o probl\u00e9mech se zaji\u0161\u0165ov\u00e1n\u00edm BOZP na r\u016fzn\u00fdch pracovi\u0161t\u00edch) \u25ba Je\u0161t\u011brk\u00e1\u0159 Klaus \u2013 instrukt\u00e1\u017en\u00ed video s titulky (pozor, n\u011bkter\u00e9 sc\u00e9ny mohou p\u016fsobit drasticky) o videu \u25ba Hasi\u010di varuj\u00ed (filmov\u00e9 \u0161oty, kter\u00e9 pro MV \u010cR vytvo\u0159ili studenti FAMO P\u00edsek) \u25ba Po\u017e\u00e1r stadionu Valley Parade v anglick\u00e9m [&hellip;]<\/p>\n","protected":false},"author":1,"featured_media":0,"parent":0,"menu_order":0,"comment_status":"closed","ping_status":"closed","template":"","meta":[],"_links":{"self":[{"href":"http:\/\/bozppo-neu.cz\/index.php?rest_route=\/wp\/v2\/pages\/434"}],"collection":[{"href":"http:\/\/bozppo-neu.cz\/index.php?rest_route=\/wp\/v2\/pages"}],"about":[{"href":"http:\/\/bozppo-neu.cz\/index.php?rest_route=\/wp\/v2\/types\/page"}],"author":[{"embeddable":true,"href":"http:\/\/bozppo-neu.cz\/index.php?rest_route=\/wp\/v2\/users\/1"}],"replies":[{"embeddable":true,"href":"http:\/\/bozppo-neu.cz\/index.php?rest_route=%2Fwp%2Fv2%2Fcomments&post=434"}],"version-history":[{"count":30,"href":"http:\/\/bozppo-neu.cz\/index.php?rest_route=\/wp\/v2\/pages\/434\/revisions"}],"predecessor-version":[{"id":6064,"href":"http:\/\/bozppo-neu.cz\/index.php?rest_route=\/wp\/v2\/pages\/434\/revisions\/6064"}],"wp:attachment":[{"href":"http:\/\/bozppo-neu.cz\/index.php?rest_route=%2Fwp%2Fv2%2Fmedia&parent=434"}],"curies":[{"name":"wp","href":"https:\/\/api.w.org\/{rel}","templated":true}]}}