{"id":3529,"date":"2019-11-30T12:52:53","date_gmt":"2019-11-30T11:52:53","guid":{"rendered":"http:\/\/bozppo-neu.cz\/?page_id=3529"},"modified":"2024-11-04T18:03:56","modified_gmt":"2024-11-04T17:03:56","slug":"kam-smeruje-vyvoj-funkce-odborne-zpusobile-osoby","status":"publish","type":"page","link":"http:\/\/bozppo-neu.cz\/?page_id=3529","title":{"rendered":"Kam sm\u011b\u0159uje v\u00fdvoj funkce odborn\u011b zp\u016fsobil\u00e9 osoby"},"content":{"rendered":"<div id=\"attachment_3537\" style=\"width: 216px\" class=\"wp-caption alignright\"><img aria-describedby=\"caption-attachment-3537\" decoding=\"async\" loading=\"lazy\" class=\"wp-image-3537\" src=\"http:\/\/bozppo-neu.cz\/wp-content\/uploads\/2019\/11\/OZO.jpg\" alt=\"ozo\" width=\"206\" height=\"166\" \/><p id=\"caption-attachment-3537\" class=\"wp-caption-text\"><span style=\"color: #400050;\"><em>Doba \u201ebezpe\u010d\u00e1ka-policisty\u201c je minulost\u00ed<\/em><\/span><\/p><\/div>\n<p>Na ot\u00e1zku, &#8222;Kam sm\u011b\u0159uje v\u00fdvoj funkce odborn\u011b zp\u016fsobil\u00e9 osoby k zaji\u0161\u0165ov\u00e1n\u00ed \u00fakol\u016f v prevenci rizik?&#8220;, p\u0159inesl odpov\u011b\u010f refer\u00e1t Dr. Al Hashmi na mezin\u00e1rodn\u00ed konferenci &#8222;HSE Europe 4.0&#8220;, kter\u00e1 se letos konala v\u00a0Praze.<\/p>\n<p>Vyplynu\u00adlo z\u00a0n\u011bj, \u017ee doba \u201ebezpe\u010d\u00e1ka-policisty\u201c je minulost\u00ed (to by m\u011blo b\u00fdt \u00fakolem vedouc\u00edho zam\u011bstnance). Dnes by mana\u017eer BOZP, pota\u017emo OZO, m\u011bl m\u00edt schopnost vyjedn\u00e1vat, vn\u00edmat osobnostn\u00ed rozd\u00edly a podle toho nastavit komu\u00adni\u00adkaci. Tak\u00e9 mus\u00ed rozum\u011bt byznysu, ve kter\u00e9m se jeho firma pohybuje. A to nejen z\u00a0pohledu technick\u00fdch znalost\u00ed, ale i\u00a0mana\u017eer\u00adsk\u00fdch dovednost\u00ed. Dr. Al Hashmi doplnil, \u017ee abyste dok\u00e1\u00adza\u00adli p\u0159esv\u011bd\u010dit nad\u0159\u00edzen\u00e9 o pot\u0159eb\u011b investic do BOZP, mus\u00edte mluvit jazykem byznysu, v\u011bd\u011bt n\u011bco o rozpo\u010dtov\u00e1n\u00ed, o investic\u00edch a jejich n\u00e1vratnosti, u\u010dit se strategicky p\u0159em\u00fd\u0161let a jednat.<\/p>\n<p>V souvislosti s v\u00fd\u0161e uveden\u00fdm je zaj\u00edmav\u00e1 informace, \u017ee v\u00a0\u010cR 26 % mana\u017eer\u016f nevid\u00ed BOZP jako d\u016fle\u017eit\u00fd prvek konkurenceschopnosti firmy, co\u017e je nej\u00adv\u00edc v\u00a0zem\u00edch EU.<\/p>\n<p>P\u0159\u00edsp\u011bvkem na konferenci o m\u011bn\u00edc\u00ed se roli mana\u017eera HSE byla tak podtr\u017eena ji\u017e del\u0161\u00ed dobu zn\u00e1m\u00e1 pravda, \u017ee pro v\u00fdkon \u010dinnosti odborn\u011b zp\u016fsobil\u00e9 osoby k zaji\u0161\u0165ov\u00e1n\u00ed \u00fakol\u016f v prevenci rizik, krom\u011b vzd\u011bl\u00e1n\u00ed v BOZP, nen\u00ed nejvhodn\u011bj\u0161\u00edm vzd\u011bl\u00e1n\u00edm tech\u00adnick\u00e9 vzd\u011bl\u00e1n\u00ed, jak tomu bylo v minulosti, ale mana\u017eer\u00adsk\u00e9 (ekonomick\u00e9), p\u0159\u00edpadn\u011b pr\u00e1vnick\u00e9. OZO nen\u00ed technikem, ale mana\u017ee\u00adrem p\u0159i zaji\u0161\u0165ov\u00e1n\u00ed BOZP.<\/p>\n<p style=\"text-align: right;\">2019-11-30<\/p>\n<p style=\"text-align: right;\">\u00a0<\/p>\n\n\n<pre class=\"wp-block-code\"><code><p align=\"center\"><a href=\"http:\/\/bozppo-neu.cz\/?page_id=739\"><img decoding=\"async\" loading=\"lazy\" src=\"http:\/\/bozppo-neu.cz\/img\/menubutton.jpg\" alt=\"o uroven vyse\" width=\"50\" height=\"72\"><\/a><\/p><\/code><\/pre>\n","protected":false},"excerpt":{"rendered":"<p>Na ot\u00e1zku, &#8222;Kam sm\u011b\u0159uje v\u00fdvoj funkce odborn\u011b zp\u016fsobil\u00e9 osoby k zaji\u0161\u0165ov\u00e1n\u00ed \u00fakol\u016f v prevenci rizik?&#8220;, p\u0159inesl odpov\u011b\u010f refer\u00e1t Dr. Al Hashmi na mezin\u00e1rodn\u00ed konferenci &#8222;HSE Europe 4.0&#8220;, kter\u00e1 se letos konala v\u00a0Praze. Vyplynu\u00adlo z\u00a0n\u011bj, \u017ee doba \u201ebezpe\u010d\u00e1ka-policisty\u201c je minulost\u00ed (to by m\u011blo b\u00fdt \u00fakolem vedouc\u00edho zam\u011bstnance). Dnes by mana\u017eer BOZP, pota\u017emo OZO, m\u011bl m\u00edt schopnost [&hellip;]<\/p>\n","protected":false},"author":1,"featured_media":0,"parent":0,"menu_order":0,"comment_status":"closed","ping_status":"closed","template":"","meta":[],"_links":{"self":[{"href":"http:\/\/bozppo-neu.cz\/index.php?rest_route=\/wp\/v2\/pages\/3529"}],"collection":[{"href":"http:\/\/bozppo-neu.cz\/index.php?rest_route=\/wp\/v2\/pages"}],"about":[{"href":"http:\/\/bozppo-neu.cz\/index.php?rest_route=\/wp\/v2\/types\/page"}],"author":[{"embeddable":true,"href":"http:\/\/bozppo-neu.cz\/index.php?rest_route=\/wp\/v2\/users\/1"}],"replies":[{"embeddable":true,"href":"http:\/\/bozppo-neu.cz\/index.php?rest_route=%2Fwp%2Fv2%2Fcomments&post=3529"}],"version-history":[{"count":14,"href":"http:\/\/bozppo-neu.cz\/index.php?rest_route=\/wp\/v2\/pages\/3529\/revisions"}],"predecessor-version":[{"id":5996,"href":"http:\/\/bozppo-neu.cz\/index.php?rest_route=\/wp\/v2\/pages\/3529\/revisions\/5996"}],"wp:attachment":[{"href":"http:\/\/bozppo-neu.cz\/index.php?rest_route=%2Fwp%2Fv2%2Fmedia&parent=3529"}],"curies":[{"name":"wp","href":"https:\/\/api.w.org\/{rel}","templated":true}]}}