{"id":2933,"date":"2018-02-11T10:28:00","date_gmt":"2018-02-11T09:28:00","guid":{"rendered":"http:\/\/bozppo-neu.cz\/?page_id=2933"},"modified":"2023-03-16T11:18:49","modified_gmt":"2023-03-16T10:18:49","slug":"seminare-o-vytvareni-souladu-s-gdpr-pri-zajistovani-bozp-a-po","status":"publish","type":"page","link":"http:\/\/bozppo-neu.cz\/?page_id=2933","title":{"rendered":"Ochrana osobn\u00edch \u00fadaj\u016f p\u0159i zaji\u0161\u0165ov\u00e1n\u00ed BOZP a PO podle GDPR"},"content":{"rendered":"<p><img decoding=\"async\" loading=\"lazy\" class=\"alignright wp-image-3020\" src=\"http:\/\/bozppo-neu.cz\/wp-content\/uploads\/2018\/05\/kop_2.jpg\" width=\"330\" height=\"314\" srcset=\"http:\/\/bozppo-neu.cz\/wp-content\/uploads\/2018\/05\/kop_2.jpg 1463w, http:\/\/bozppo-neu.cz\/wp-content\/uploads\/2018\/05\/kop_2-300x285.jpg 300w, http:\/\/bozppo-neu.cz\/wp-content\/uploads\/2018\/05\/kop_2-768x730.jpg 768w, http:\/\/bozppo-neu.cz\/wp-content\/uploads\/2018\/05\/kop_2-1024x974.jpg 1024w, http:\/\/bozppo-neu.cz\/wp-content\/uploads\/2018\/05\/kop_2-1200x1141.jpg 1200w\" sizes=\"(max-width: 330px) 100vw, 330px\" \/>V roce 2018 jsem na deseti semin\u00e1\u0159\u00edch po cel\u00e9 \u010cesk\u00e9 republice p\u0159edn\u00e1\u0161el problematiku, jak se GDPR dotkne zaji\u0161\u0165ov\u00e1n\u00ed BOZP a PO. Na t\u00e9to str\u00e1nce si m\u016f\u017ee prohl\u00e9dnout nejen prezentaci celodenn\u00edho semin\u00e1\u0159e (konkr\u00e9tn\u011b z Valtic ze 27. 6. 2018), ale t\u00e9\u017e si p\u0159e\u010d\u00edst, p\u0159\u00edpadn\u011b stahnout, doprovodn\u00fd text k semin\u00e1\u0159i.<\/p>\n<p>Prezentace: <a href=\"http:\/\/bozppo-neu.cz\/wp-content\/uploads\/2018\/06\/GDPR_ROVS_2_1.pdf\">1._\u010d\u00e1st<\/a>, <a href=\"http:\/\/bozppo-neu.cz\/wp-content\/uploads\/2018\/06\/GDPR_ROVS_2_2.pdf\">2._\u010d\u00e1st<\/a><\/p>\n<p>Doprovodn\u00fd text: <a href=\"http:\/\/bozppo-neu.cz\/wp-content\/uploads\/2018\/06\/ROVS_new.pdf\">Ochrana osobn\u00edch \u00fadaj\u016f p\u0159i zaji\u0161\u0165ov\u00e1n\u00ed BOZP a PO podle GDPR<\/a><\/p>\n<p><img decoding=\"async\" loading=\"lazy\" class=\"aligncenter wp-image-3247\" src=\"http:\/\/bozppo-neu.cz\/wp-content\/uploads\/2019\/02\/SC03403_k.jpg\" alt=\"sc03403_k\" width=\"630\" height=\"473\" srcset=\"http:\/\/bozppo-neu.cz\/wp-content\/uploads\/2019\/02\/SC03403_k.jpg 2214w, http:\/\/bozppo-neu.cz\/wp-content\/uploads\/2019\/02\/SC03403_k-300x225.jpg 300w, http:\/\/bozppo-neu.cz\/wp-content\/uploads\/2019\/02\/SC03403_k-768x576.jpg 768w, http:\/\/bozppo-neu.cz\/wp-content\/uploads\/2019\/02\/SC03403_k-1024x768.jpg 1024w, http:\/\/bozppo-neu.cz\/wp-content\/uploads\/2019\/02\/SC03403_k-1200x900.jpg 1200w\" sizes=\"(max-width: 630px) 100vw, 630px\" \/><\/p>\n<p><strong>\u00a0<\/strong><\/p>\n<p style=\"text-align: right;\">2018-11-24<\/p>\n<p style=\"text-align: right;\">\n","protected":false},"excerpt":{"rendered":"<p>V roce 2018 jsem na deseti semin\u00e1\u0159\u00edch po cel\u00e9 \u010cesk\u00e9 republice p\u0159edn\u00e1\u0161el problematiku, jak se GDPR dotkne zaji\u0161\u0165ov\u00e1n\u00ed BOZP a PO. Na t\u00e9to str\u00e1nce si m\u016f\u017ee prohl\u00e9dnout nejen prezentaci celodenn\u00edho semin\u00e1\u0159e (konkr\u00e9tn\u011b z Valtic ze 27. 6. 2018), ale t\u00e9\u017e si p\u0159e\u010d\u00edst, p\u0159\u00edpadn\u011b stahnout, doprovodn\u00fd text k semin\u00e1\u0159i. Prezentace: 1._\u010d\u00e1st, 2._\u010d\u00e1st Doprovodn\u00fd text: Ochrana osobn\u00edch [&hellip;]<\/p>\n","protected":false},"author":1,"featured_media":0,"parent":0,"menu_order":0,"comment_status":"closed","ping_status":"closed","template":"","meta":[],"_links":{"self":[{"href":"http:\/\/bozppo-neu.cz\/index.php?rest_route=\/wp\/v2\/pages\/2933"}],"collection":[{"href":"http:\/\/bozppo-neu.cz\/index.php?rest_route=\/wp\/v2\/pages"}],"about":[{"href":"http:\/\/bozppo-neu.cz\/index.php?rest_route=\/wp\/v2\/types\/page"}],"author":[{"embeddable":true,"href":"http:\/\/bozppo-neu.cz\/index.php?rest_route=\/wp\/v2\/users\/1"}],"replies":[{"embeddable":true,"href":"http:\/\/bozppo-neu.cz\/index.php?rest_route=%2Fwp%2Fv2%2Fcomments&post=2933"}],"version-history":[{"count":40,"href":"http:\/\/bozppo-neu.cz\/index.php?rest_route=\/wp\/v2\/pages\/2933\/revisions"}],"predecessor-version":[{"id":4943,"href":"http:\/\/bozppo-neu.cz\/index.php?rest_route=\/wp\/v2\/pages\/2933\/revisions\/4943"}],"wp:attachment":[{"href":"http:\/\/bozppo-neu.cz\/index.php?rest_route=%2Fwp%2Fv2%2Fmedia&parent=2933"}],"curies":[{"name":"wp","href":"https:\/\/api.w.org\/{rel}","templated":true}]}}