{"id":2802,"date":"2017-12-17T13:16:40","date_gmt":"2017-12-17T12:16:40","guid":{"rendered":"http:\/\/bozppo-neu.cz\/?page_id=2802"},"modified":"2023-03-16T08:52:01","modified_gmt":"2023-03-16T07:52:01","slug":"nova-pravidla-pro-systemove-rizeni-bozp","status":"publish","type":"page","link":"http:\/\/bozppo-neu.cz\/?page_id=2802","title":{"rendered":"Nov\u00e1 pravidla pro syst\u00e9mov\u00e9 \u0159\u00edzen\u00ed BOZP"},"content":{"rendered":"<p>Mezin\u00e1rodn\u00ed organizace pro normalizaci (ISO) vydala<a href=\"http:\/\/www.agentura-cas.cz\/node\/167\"> novou normu<\/a> upravuj\u00edc\u00ed <a href=\"http:\/\/bozppo-neu.cz\/?page_id=89\">syst\u00e9mov\u00e9 \u0159\u00edzen\u00ed BOZP<\/a> ISO 45001 Syst\u00e9my managementu bezpe\u010dnosti a ochrany zdrav\u00ed p\u0159i pr\u00e1ci &#8211; Po\u017eadavky s n\u00e1vodem k pou\u017eit\u00ed. Ta nahrazuje dosavadn\u00ed normu BS OHSAS 18001:2007 (\u010cSN OHSAS 18001:2008). Pro p\u0159echod na novou normu je stanoveno t\u0159\u00edlet\u00e9 p\u0159echodn\u00e9 obdob\u00ed pro \u00fapravu syst\u00e9m\u016f \u0159\u00edzen\u00ed.<\/p>\n<div id=\"attachment_2804\" style=\"width: 590px\" class=\"wp-caption aligncenter\"><img aria-describedby=\"caption-attachment-2804\" decoding=\"async\" loading=\"lazy\" class=\"wp-image-2804\" src=\"http:\/\/bozppo-neu.cz\/wp-content\/uploads\/2017\/12\/cartoon_iso_45001_zoom.jpg\" alt=\"cartoon_iso_45001_zoom\" width=\"580\" height=\"406\" srcset=\"http:\/\/bozppo-neu.cz\/wp-content\/uploads\/2017\/12\/cartoon_iso_45001_zoom.jpg 1200w, http:\/\/bozppo-neu.cz\/wp-content\/uploads\/2017\/12\/cartoon_iso_45001_zoom-300x210.jpg 300w, http:\/\/bozppo-neu.cz\/wp-content\/uploads\/2017\/12\/cartoon_iso_45001_zoom-768x538.jpg 768w, http:\/\/bozppo-neu.cz\/wp-content\/uploads\/2017\/12\/cartoon_iso_45001_zoom-1024x717.jpg 1024w\" sizes=\"(max-width: 580px) 100vw, 580px\" \/><p id=\"caption-attachment-2804\" class=\"wp-caption-text\"><span style=\"color: #808080;\"><em>P\u0159evzato ze str\u00e1nek Mezin\u00e1rodn\u00ed organizace pro normalizaci (www.iso.org\/2016\/02\/Ref2012.html)<\/em><\/span><\/p><\/div>\n<p>Norma ISO 45001, je ur\u010dena pro v\u0161echny organizace bez ohledu na velikost, typ a povahu, m\u00e1 stejnou strukturu jako ISO normy pro syst\u00e9m managementu kvality a pro syst\u00e9m environment\u00e1ln\u00edho managementu. Tedy i ona m\u00e1 shodn\u011b nazvan\u00fdch deset kapitol (rozsah podkapitol ji\u017e odpov\u00edd\u00e1 pot\u0159eb\u00e1m jednotliv\u00e9ho syst\u00e9mu). T\u00edm je usnadn\u011bno zaveden\u00ed a veden\u00ed integrovan\u00e9ho syst\u00e9mu \u0159\u00edzen\u00ed. Samoz\u0159ejm\u011b nenastavuje specifick\u00e1 krit\u00e9ria pro v\u00fdkonost BOZP. To si mus\u00ed ka\u017ed\u00fd zam\u011bstnavatel stanovit s\u00e1m.<\/p>\n<p>Nov\u00e1 norma navazuje na dosavadn\u00ed normu OHSAS. Po\u017eadavky v n\u00ed uveden\u00e9 jsou uvedeny i v norm\u011b ISO, av\u0161ak v jin\u00e9m uspo\u0159\u00e1d\u00e1n\u00ed. K nim jsou p\u0159id\u00e1ny dal\u0161\u00ed, nap\u0159\u00edklad na zvy\u0161ov\u00e1n\u00ed kultury BOZP.<\/p>\n<p>Cel\u00e9 pojet\u00ed nov\u00e9 normy je ch\u00e1p\u00e1no jako preventivn\u00ed. Podstatnou novinkou je po\u017eadavek nahl\u00ed\u017eet d\u00e1le, ne\u017e jen na sou\u010dasn\u00fd stav. Na vrcholn\u00fd management je kladen po\u017eadavek p\u0159ich\u00e1zet s iniciativami. Tedy nem\u011bla by s nimi p\u0159ich\u00e1zet <a href=\"http:\/\/bozppo-neu.cz\/?page_id=739\">odborn\u011b zp\u016fsobil\u00e1 osoba k zaji\u0161\u0165ov\u00e1n\u00ed \u00fakol\u016f v prevenci rizik<\/a> a management j\u00ed je odsouhlasit, ale p\u0159\u00edmo s\u00e1m management, kter\u00fd by m\u011bl zn\u00e1t pot\u0159eby rozvoje syst\u00e9mu managementu BOZP nejl\u00e9pe. D\u016fraz\u00a0je kladen na zapojen\u00ed zam\u011bstnanc\u016f, a to ji\u017e ve f\u00e1zi p\u0159\u00edpravy zaveden\u00ed syst\u00e9mov\u00e9ho \u0159\u00edzen\u00ed \u2013 anal\u00fdzy sou\u010dasn\u00e9ho stavu, zpracov\u00e1n\u00ed politiky atd.<\/p>\n<p>Samostatnou \u010d\u00e1st normy tvo\u0159\u00ed po\u017eadavek na neust\u00e1l\u00e9 zlep\u0161ov\u00e1n\u00ed. Krom\u011b zlep\u0161ov\u00e1n\u00ed v\u00fdkonosti BOZP je t\u00e9\u017e zam\u011b\u0159en na zlep\u0161en\u00ed kultury (nab\u00edz\u00ed se spojitost s <a href=\"http:\/\/bozppo-neu.cz\/?page_id=986\">firemn\u00ed kulturou<\/a>), za co\u017e bude zodpov\u011bdn\u00fd zcela pochopiteln\u011b vrcholn\u00fd management. N\u00e1stroji k neust\u00e1l\u00e9mu zlep\u0161ov\u00e1n\u00ed nem\u00e1 b\u00fdt jen vyhled\u00e1v\u00e1n\u00ed rizik, ale tak\u00e9 dal\u0161\u00ed iniciativy vrcholn\u00e9ho managementu, nap\u0159\u00edklad vzd\u011bl\u00e1v\u00e1n\u00ed, \u0161kolen\u00ed \u010di v\u00fdcvik (zde se p\u0159\u00edmo nab\u00edz\u00ed vyu\u017eit\u00ed <a href=\"http:\/\/bozppo-neu.cz\/?page_id=1008\">motiva\u010dn\u00edho \u0161kolen\u00ed<\/a>).<\/p>\n<p>Dal\u0161\u00ed d\u016fle\u017eitou skute\u010dnost\u00ed je, \u017ee na outsourcingovan\u00e9 procesy bude podle nov\u00e9 normy nahl\u00ed\u017eeno jako na procesy, kter\u00e9 lze \u0159\u00eddit. Tedy zadavatel se bude muset v r\u00e1mci sv\u00e9ho syst\u00e9mu \u0159\u00edzen\u00ed BOZP zab\u00fdvat i touto oblast\u00ed.<\/p>\n<h3>Struktura normy<\/h3>\n<p>Pro podrobn\u011bj\u0161\u00ed p\u0159edstavu se pod\u00edvejme na p\u0159ehled jednotliv\u00fdch kapitol a podkapitol. Norma\u00a0obsahuje:<\/p>\n<ul>\n<li><strong>1 P\u0159edm\u011bt normy<\/strong><\/li>\n<li><strong>2 Citovan\u00e9 dokumenty<\/strong><\/li>\n<li><strong>3 Term\u00edny a definice<\/strong><\/li>\n<li><strong>4 Kontext organizace<\/strong><\/li>\n<li>4.1 Porozum\u011bn\u00ed organizaci a jej\u00edmu kontextu (jedn\u00e1 se o nov\u00fd po\u017eadavek)<\/li>\n<li>4.2 Porozum\u011bn\u00ed pot\u0159eb\u00e1m a o\u010dek\u00e1v\u00e1n\u00edm pracovn\u00edk\u016f a dal\u0161\u00edch zainteresovan\u00fdch stran (jedn\u00e1 se o nov\u00fd po\u017eadavek)<\/li>\n<li>4.3 Ur\u010dov\u00e1n\u00ed rozsahu syst\u00e9mu managementu BOZP (zn\u00e1mo ji\u017e z OHSAS)<\/li>\n<li>4.4 Syst\u00e9m managementu BOZP<\/li>\n<li><strong>5 Veden\u00ed (leadership) a spolu\u00fa\u010dast pracovn\u00edk\u016f<br \/>\n<\/strong><\/li>\n<li>5.1 Veden\u00ed (leadership) a z\u00e1vazek (jedn\u00e1 se o nov\u00fd po\u017eadavek)<\/li>\n<li>5.2 Politika BOZP (zn\u00e1mo ji\u017e z OHSAS)<\/li>\n<li>5.3 Role, odpov\u011bdnosti a pravomoci v r\u00e1mci organizace (zn\u00e1mo ji\u017e z OHSAS)<\/li>\n<li>5.4 Projedn\u00e1n\u00ed s pracovn\u00edky a jejich spolu\u00fa\u010dast (zn\u00e1mo ji\u017e z OHSAS; po\u017eadavky na spolu\u00fa\u010dast zam\u011bstnanc\u016f)<\/li>\n<li><strong>6 Pl\u00e1nov\u00e1n\u00ed<\/strong><\/li>\n<li>6.1 Opat\u0159en\u00ed pro \u0159e\u0161en\u00ed rizik a p\u0159\u00edle\u017eitost\u00ed<\/li>\n<li>6.1.1 Obecn\u011b<\/li>\n<li>6.1.2 Identifikace nebezpe\u010d\u00ed a posuzov\u00e1n\u00ed rizik a p\u0159\u00edle\u017eitost\u00ed (zn\u00e1mo ji\u017e z OHSAS)<\/li>\n<li>6.1.3 Ur\u010dov\u00e1n\u00ed po\u017eadavk\u016f pr\u00e1vn\u00edch p\u0159edpis\u016f a jin\u00fdch po\u017eadavk\u016f (zn\u00e1mo ji\u017e z OHSAS)<\/li>\n<li>6.1.4 Pl\u00e1nov\u00e1n\u00ed opat\u0159en\u00ed (jedn\u00e1 se o nov\u00fd po\u017eadavek)<\/li>\n<li>6.2 C\u00edle BOZP a pl\u00e1nov\u00e1n\u00ed jejich dosa\u017een\u00ed (zn\u00e1mo ji\u017e z OHSAS)<\/li>\n<li>6.2.1 C\u00edle BOZP<\/li>\n<li>6.2.2 Pl\u00e1nov\u00e1n\u00ed dosa\u017een\u00ed c\u00edl\u016f BOZP<\/li>\n<li><strong>7 Podpora<\/strong><\/li>\n<li>7.1 Zdroje (zn\u00e1mo ji\u017e z OHSAS)<\/li>\n<li>7.2 Kompetence (zn\u00e1mo ji\u017e z OHSAS)<\/li>\n<li>7.3 Pov\u011bdom\u00ed (zn\u00e1mo ji\u017e z OHSAS)<\/li>\n<li>7.4 Komunikace (zn\u00e1mo ji\u017e z OHSAS)<\/li>\n<li>7.4.1 Obecn\u011b<\/li>\n<li>7.4.2 Intern\u00ed komunikace<\/li>\n<li>7.4.3 Extern\u00ed komunikace<\/li>\n<li>7.5 Dokumentovan\u00e9 informace (zn\u00e1mo ji\u017e z OHSAS; nov\u00fd pojem zahrnuj\u00edc\u00ed dokumentaci a z\u00e1znamy)<\/li>\n<li>7.5.1 Obecn\u011b<\/li>\n<li>7.5.2 Vytv\u00e1\u0159en\u00ed a aktualizace<\/li>\n<li>7.5.3 \u0158\u00edzen\u00ed dokumentovan\u00fdch informac\u00ed<\/li>\n<li><strong>8 Provoz<\/strong><\/li>\n<li>8.1 Pl\u00e1nov\u00e1n\u00ed a \u0159\u00edzen\u00ed provozu (zn\u00e1mo ji\u017e z OHSAS)<\/li>\n<li>8.1.1 Obecn\u011b<\/li>\n<li>8.1.2 Odstra\u0148ov\u00e1n\u00ed nebezpe\u010d\u00ed a sni\u017eov\u00e1n\u00ed rizik v oblasti BOZP<\/li>\n<li>8.1.3 Management zm\u011bny<\/li>\n<li>8.1.4 Zprost\u0159edkov\u00e1n\u00ed a n\u00e1kup<\/li>\n<li>8.2 Havarijn\u00ed p\u0159ipravenost a reakce (zn\u00e1mo ji\u017e z OHSAS)<\/li>\n<li><strong>9 Hodnocen\u00ed v\u00fdkonnosti<\/strong><\/li>\n<li>9.1 Monitorov\u00e1n\u00ed, m\u011b\u0159en\u00ed, anal\u00fdza a hodnocen\u00ed v\u00fdkonnosti (zn\u00e1mo ji\u017e z OHSAS)<\/li>\n<li>9.1.1 Obecn\u011b<\/li>\n<li>9.1.2 Hodnocen\u00ed souladu<\/li>\n<li>9.2 Intern\u00ed audit<\/li>\n<li>9.2.1 Obecn\u011b<\/li>\n<li>9.2.2 Program intern\u00edho auditu (zn\u00e1mo ji\u017e z OHSAS)<\/li>\n<li>9.3 P\u0159ezkoum\u00e1n\u00ed syst\u00e9mu managementu (zn\u00e1mo ji\u017e z OHSAS)<\/li>\n<li><strong>10 Zlep\u0161ov\u00e1n\u00ed<\/strong><\/li>\n<li>10.1 Obecn\u011b<\/li>\n<li>10.2 Incident, neshoda a n\u00e1pravn\u00e1 opat\u0159en\u00ed (zn\u00e1mo ji\u017e z OHSAS)<\/li>\n<li>10.3 Neust\u00e1l\u00e9 zlep\u0161ov\u00e1n\u00ed<\/li>\n<li>P\u0159\u00edloha A (informativn\u00ed) N\u00e1vod k pou\u017e\u00edv\u00e1n\u00ed tohoto dokumentu<\/li>\n<\/ul>\n<h3>Z\u00e1v\u011brem<\/h3>\n<p>\u00da\u010delem nov\u00e9 normy je umo\u017en\u011bn\u00ed organizaci PROAKTIVN\u011a zlep\u0161it jej\u00ed v\u00fdkonost BOZP v <a href=\"http:\/\/bozppo-neu.cz\/?page_id=880\">prevenci \u00faraz\u016f<\/a> a po\u0161kozen\u00ed zdrav\u00ed. To p\u0159edpokl\u00e1d\u00e1 vy\u0161\u0161\u00ed anga\u017eovanost vrcholn\u00e9ho veden\u00ed v cel\u00e9m procesu, jako\u017e i zvy\u0161ov\u00e1n\u00ed pov\u011bdom\u00ed o nebezpe\u010d\u00ed a rizic\u00edch BOZP. Opomenout t\u00e9\u017e nelze integraci syst\u00e9mu \u0159\u00edzen\u00ed BOZP do obchodn\u00edch \u010dinnost\u00ed.<\/p>\n<p style=\"text-align: right;\">2019-09-13<\/p>\n","protected":false},"excerpt":{"rendered":"<p>Mezin\u00e1rodn\u00ed organizace pro normalizaci (ISO) vydala novou normu upravuj\u00edc\u00ed syst\u00e9mov\u00e9 \u0159\u00edzen\u00ed BOZP ISO 45001 Syst\u00e9my managementu bezpe\u010dnosti a ochrany zdrav\u00ed p\u0159i pr\u00e1ci &#8211; Po\u017eadavky s n\u00e1vodem k pou\u017eit\u00ed. Ta nahrazuje dosavadn\u00ed normu BS OHSAS 18001:2007 (\u010cSN OHSAS 18001:2008). Pro p\u0159echod na novou normu je stanoveno t\u0159\u00edlet\u00e9 p\u0159echodn\u00e9 obdob\u00ed pro \u00fapravu syst\u00e9m\u016f \u0159\u00edzen\u00ed. Norma ISO 45001, [&hellip;]<\/p>\n","protected":false},"author":1,"featured_media":0,"parent":0,"menu_order":0,"comment_status":"closed","ping_status":"closed","template":"","meta":[],"_links":{"self":[{"href":"http:\/\/bozppo-neu.cz\/index.php?rest_route=\/wp\/v2\/pages\/2802"}],"collection":[{"href":"http:\/\/bozppo-neu.cz\/index.php?rest_route=\/wp\/v2\/pages"}],"about":[{"href":"http:\/\/bozppo-neu.cz\/index.php?rest_route=\/wp\/v2\/types\/page"}],"author":[{"embeddable":true,"href":"http:\/\/bozppo-neu.cz\/index.php?rest_route=\/wp\/v2\/users\/1"}],"replies":[{"embeddable":true,"href":"http:\/\/bozppo-neu.cz\/index.php?rest_route=%2Fwp%2Fv2%2Fcomments&post=2802"}],"version-history":[{"count":45,"href":"http:\/\/bozppo-neu.cz\/index.php?rest_route=\/wp\/v2\/pages\/2802\/revisions"}],"predecessor-version":[{"id":4934,"href":"http:\/\/bozppo-neu.cz\/index.php?rest_route=\/wp\/v2\/pages\/2802\/revisions\/4934"}],"wp:attachment":[{"href":"http:\/\/bozppo-neu.cz\/index.php?rest_route=%2Fwp%2Fv2%2Fmedia&parent=2802"}],"curies":[{"name":"wp","href":"https:\/\/api.w.org\/{rel}","templated":true}]}}