{"id":2699,"date":"2017-12-03T10:57:41","date_gmt":"2017-12-03T09:57:41","guid":{"rendered":"http:\/\/bozppo-neu.cz\/?page_id=2699"},"modified":"2025-08-27T11:47:47","modified_gmt":"2025-08-27T09:47:47","slug":"obecna-informace-o-gdpr","status":"publish","type":"page","link":"http:\/\/bozppo-neu.cz\/?page_id=2699","title":{"rendered":"Obecn\u00e1 informace o GDPR"},"content":{"rendered":"<p><img decoding=\"async\" loading=\"lazy\" class=\"wp-image-2744 alignleft\" src=\"http:\/\/bozppo-neu.cz\/wp-content\/uploads\/2017\/12\/GDPR3.jpg\" alt=\"gdpr3\" width=\"280\" height=\"114\" srcset=\"http:\/\/bozppo-neu.cz\/wp-content\/uploads\/2017\/12\/GDPR3.jpg 370w, http:\/\/bozppo-neu.cz\/wp-content\/uploads\/2017\/12\/GDPR3-300x122.jpg 300w\" sizes=\"(max-width: 280px) 100vw, 280px\" \/>V p\u00e1tek 25. kv\u011btna 2018 nabyla \u00fa\u010dinnosti nov\u00e1 pr\u00e1vn\u00ed \u00faprava ochrany osobn\u00edch \u00fadaj\u016f. T\u00edmto dnem se ochrana osobn\u00edch \u00fadaj\u016f za\u010dala \u0159\u00eddit Na\u0159\u00edzen\u00edm Evropsk\u00e9ho parlamentu a Rady 2016\/679, o ochran\u011b fyzick\u00fdch osob v souvislosti se zpracov\u00e1n\u00edm osobn\u00edch \u00fadaj\u016f a o voln\u00e9m pohybu t\u011bchto \u00fadaj\u016f a o zru\u0161en\u00ed sm\u011brnice 95\/46\/ES, zkr\u00e1cen\u011b naz\u00fdvan\u00fdm GDPR.<\/p>\n<p>Vzhledem k tomu, \u017ee se jedn\u00e1 o Na\u0159\u00edzen\u00ed, jedn\u00e1 se o <a href=\"http:\/\/bozppo-neu.cz\/?page_id=891\"><strong>p\u0159\u00edmo pou\u017eiteln\u00fd p\u0159edpis<\/strong><\/a> Evropsk\u00e9 unie. Proto nen\u00ed pot\u0159eba jeho po\u017eadavky uv\u00e9st v n\u00e1rodn\u00edm pr\u00e1vn\u00edm p\u0159edpise. V \u010cesk\u00e9 republice byl pouze vyd\u00e1n z\u00e1kon\u00a0o zpracov\u00e1n\u00ed osobn\u00edch \u00fadaj\u016f (\u010d. 110\/2019 Sb.), kter\u00fd nabyl \u00fa\u010dinnosti 24. dubna 2019. Z\u00e1kon \u0159e\u0161\u00ed n\u011bkter\u00e9 d\u00edl\u010d\u00ed aspekty, kter\u00e9 na\u0159\u00edzen\u00ed umo\u017e\u0148uje upravit, nap\u0159\u00edklad postaven\u00ed a pravomoc \u00da\u0159adu pro ochranu osobn\u00edch \u00fadaj\u016f. Tak\u00e9 prov\u00e1d\u00ed novou trestn\u011bpr\u00e1vn\u00ed sm\u011brnici EU (Sm\u011brnice Evropsk\u00e9ho parlamentu a Rady 2016\/680).<\/p>\n<p>GDPR se dot\u00fdk\u00e1 i zaji\u0161\u0165ov\u00e1n\u00ed BOZP (oblast\u00ed <strong><a href=\"http:\/\/bozppo-neu.cz\/?page_id=995\">\u0161kolen\u00ed zam\u011bstnanc\u016f<\/a>, <a href=\"http:\/\/bozppo-neu.cz\/?page_id=652\">evidence pracovn\u00edch \u00faraz\u016f a poskytov\u00e1n\u00ed n\u00e1hrad<\/a> atd.). Proto zde uv\u00e1d\u00edm z\u00e1kladn\u00ed informace o n\u011bm. V \u017e\u00e1<\/strong>dn\u00e9m p\u0159\u00edpad\u011b se nejedn\u00e1 o komplexn\u00ed p\u0159ehled o GDPR. Ochran\u011b osobn\u00edch \u00fadaj\u016f p\u0159i zaji\u0161\u0165ov\u00e1n\u00ed BOZP a PO se v\u011bnuji na <strong><a href=\"https:\/\/bozppo-neu.cz\/?page_id=2933\">jin\u00e9 str\u00e1n<\/a><a href=\"https:\/\/bozppo-neu.cz\/?page_id=2933\">c<\/a><a href=\"http:\/\/bozppo-neu.cz\/?page_id=1200\">e<\/a>.<\/strong><\/p>\n<h4>Co je v GDPR nov\u00e9<\/h4>\n<p>Nov\u00e1 \u00faprava nen\u00ed \u017e\u00e1dnou revoluc\u00ed v ochran\u011b osobn\u00edch \u00fadaj\u016f. Opravdov\u00fdch novinek p\u0159in\u00e1\u0161\u00ed jen n\u011bkolik.<\/p>\n<p>Novinkou je, \u017ee povinnosti jsou v\u00e1z\u00e1ny na p\u0159\u00edtomnost rizika pro pr\u00e1va a svobody subjektu \u00fadaj\u016f (fyzick\u00e1 osoba, ke kter\u00e9 se osobn\u00ed \u00fadaje vztahuj\u00ed), obdobn\u011b, jako je tomu v BOZP. Dal\u0161\u00edmi novinkami, kter\u00e9 Na\u0159\u00edzen\u00ed p\u0159ineslo jsou povinnost zpracovat z\u00e1znamy o \u010dinnostech zpracov\u00e1n\u00ed, ohla\u0161ov\u00e1n\u00ed poru\u0161en\u00ed zabezpe\u010den\u00ed osobn\u00edch \u00fadaj\u016f na \u00daOO\u00da, oznamov\u00e1n\u00ed poru\u0161en\u00ed zabezpe\u010den\u00ed osobn\u00edch \u00fadaj\u016f subjektu \u00fadaj\u016f v p\u0159\u00edpad\u011b vysok\u00e9ho rizika, posuzov\u00e1n\u00ed vlivu zpracov\u00e1n\u00ed na ochranu osobn\u00edch \u00fadaj\u016f (vysok\u00e9 riziko), povinn\u00e9 konzultace s \u00daOO\u00da (vysok\u00e9 riziko) a pov\u011b\u0159enec pro ochranu osobn\u00edch \u00fadaj\u016f.<\/p>\n<h4>N\u011bkter\u00e9 z\u00e1kladn\u00ed pojmy<\/h4>\n<p>Na\u0159\u00edzen\u00ed upravuje ochranu osobn\u00edch \u00fadaj\u016f p\u0159i jejich zpracov\u00e1n\u00ed. Za osobn\u00ed \u00fadaje jsou pova\u017eov\u00e1ny ve\u0161ker\u00e9 informace o identifikovan\u00e9 nebo identifikovateln\u00e9 fyzick\u00e9 osob\u011b (subjektu \u00fadaj\u016f), tedy nap\u0159\u00edklad i e-mailov\u00e1 adresa konkr\u00e9tn\u00edho zam\u011bstnance. Podskupinu osobn\u00edch \u00fadaj\u016f vy\u017eaduj\u00edc\u00ed vy\u0161\u0161\u00ed \u00farove\u0148 ochrany tvo\u0159\u00ed &#8222;zvl\u00e1\u0161tn\u00ed kategorie osobn\u00edch \u00fadaj\u016f&#8220; (dosud ozna\u010den\u00e9 jako citliv\u00e9 \u00fadaje; rozsah t\u00e9m\u011b\u0159 toto\u017en\u00fd). Zpracov\u00e1n\u00ed t\u011bchto \u00fadaj\u016f, a\u017e na Na\u0159\u00edzen\u00edm stanoven\u00e9 v\u00fdjimky, je zak\u00e1z\u00e1no.<\/p>\n<p>Zpracov\u00e1n\u00edm je my\u0161lena jak\u00e1koliv operace, kter\u00e1 je prov\u00e1d\u011bna s osobn\u00edmi \u00fadaji s pomoc\u00ed nebo bez pomoci automatizovan\u00fdch postup\u016f (shroma\u017e\u010fov\u00e1n\u00ed, zaznamen\u00e1n\u00ed, uspo\u0159\u00e1d\u00e1n\u00ed, strukturov\u00e1n\u00ed, ulo\u017een\u00ed, p\u0159izp\u016fsoben\u00ed nebo pozm\u011bn\u011bn\u00ed, vyhled\u00e1n\u00ed, nahl\u00e9dnut\u00ed, pou\u017eit\u00ed, zp\u0159\u00edstupn\u011bn\u00ed p\u0159enosem, \u0161\u00ed\u0159en\u00ed, se\u0159azen\u00ed, zkombinov\u00e1n\u00ed, omezen\u00ed, v\u00fdmaz nebo zni\u010den\u00ed).<\/p>\n<p>Odpov\u011bdn\u00fdm za soulad zpracov\u00e1n\u00ed osobn\u00edch \u00fadaj\u016f s GDPR je spr\u00e1vce (fyzick\u00e1 nebo pr\u00e1vnick\u00e1 osoba, kter\u00e1 sama nebo spole\u010dn\u011b s jin\u00fdmi ur\u010duje \u00fa\u010dely a prost\u0159edky zpracov\u00e1n\u00ed osobn\u00edch \u00fadaj\u016f. Zpracovatel (fyzick\u00e1 nebo pr\u00e1vnick\u00e1 osoba, kter\u00e1 zpracov\u00e1v\u00e1 osobn\u00ed \u00fadaje pro zpr\u00e1vce) nen\u00ed nikdy odpov\u011bdn\u00e1, a to ani v p\u0159\u00edpad\u011b, \u017ee se jedn\u00e1 o extern\u00ed firmu (mus\u00ed se \u0159\u00eddit po\u017eadavky spr\u00e1vce).<\/p>\n<h4>Z\u00e1sady zpracov\u00e1n\u00ed osobn\u00edch \u00fadaj\u016f<\/h4>\n<p>Osobn\u00ed \u00fadaje mus\u00ed\u00a0 b\u00fdt zpracov\u00e1ny v souladu se stanoven\u00fdmi z\u00e1sadami:<\/p>\n<ul>\n<li>z\u00e1konnost (prov\u00e1d\u011bno z\u00e1konn\u00fdm zp\u016fsobem),<\/li>\n<li>korektnost (relevantn\u00ed informace o zpracov\u00e1n\u00ed),<\/li>\n<li>transparentnost (nezast\u00edrat \u00fa\u010del zpracov\u00e1n\u00ed),<\/li>\n<li>omezen\u00ed \u00fa\u010delu (pouze pro v\u00fdslovn\u011b vyj\u00e1d\u0159en\u00e9 a legitimn\u00ed \u00fa\u010dely),<\/li>\n<li>minimalizace \u00fadaj\u016f (pouze nezbytn\u00fd rozsah \u00fadaj\u016f, kter\u00fd je nutn\u00fd k dan\u00e9mu \u00fa\u010delu),<\/li>\n<li>p\u0159esnost (v p\u0159\u00edpad\u011b pot\u0159eby aktualizovat),<\/li>\n<li>omezen\u00ed ulo\u017een\u00ed (ve form\u011b umo\u017e\u0148uj\u00edc\u00ed identifikaci subjektu \u00fadaj\u016f po dobu ne del\u0161\u00ed, ne\u017e je nezbytn\u00e9 pro \u00fa\u010dely, pro kterou jsou zpracov\u00e1v\u00e1ny),<\/li>\n<li>integrita a d\u016fv\u011brnost (n\u00e1le\u017eit\u00e9 zabezpe\u010den\u00ed pomoc\u00ed vhodn\u00fdch technick\u00fdch nebo organiza\u010dn\u00edch opat\u0159en\u00ed),<\/li>\n<\/ul>\n<p>je\u017e jsou z\u00e1kladn\u00edmi stavebn\u00edmi kameny ka\u017ed\u00e9ho zpracov\u00e1n\u00ed osobn\u00edch \u00fadaj\u016f.<\/p>\n<p>Osobn\u00ed \u00fadaje mohou b\u00fdt zpracov\u00e1v\u00e1ny bez souhlasu subjektu \u00fadaj\u016f (v\u011bt\u0161ina p\u0159\u00edpad\u016f) nebo s jeho souhlasem (jen v p\u0159\u00edpad\u011b, \u017ee je nen\u00ed mo\u017en\u00e9 zpracov\u00e1vat bez souhlasu!).<\/p>\n<p>Souhlas nen\u00ed nutn\u00e9 zaji\u0161\u0165ovat v p\u0159\u00edpad\u011b, \u017ee zpracov\u00e1n\u00ed je nezbytn\u00e9 pro:<\/p>\n<ul>\n<li>pln\u011bn\u00ed smlouvy, jej\u00ed\u017e smluvn\u00ed stranou je subjekt \u00fadaj\u016f nebo pro p\u0159ijet\u00ed opat\u0159en\u00ed p\u0159ed uzav\u0159en\u00edm smlouvy na \u017e\u00e1dost subjektu \u00fadaj\u016f,<\/li>\n<li>pln\u011bn\u00ed pr\u00e1vn\u00ed povinnosti,<\/li>\n<li>ochranu \u017eivotn\u011b d\u016fle\u017eit\u00fdch z\u00e1jm\u016f subjektu \u00fadaj\u016f nebo jin\u00e9 fyzick\u00e9 osoby,<\/li>\n<li>spln\u011bn\u00ed \u00fakolu prov\u00e1d\u011bn\u00e9ho ve ve\u0159ejn\u00e9m z\u00e1jmu nebo p\u0159i v\u00fdkonu ve\u0159ejn\u00e9 moci,<\/li>\n<li>\u00fa\u010dely opr\u00e1vn\u011bn\u00fdch z\u00e1jm\u016f spr\u00e1vce \u010di t\u0159et\u00ed strany, krom\u011b p\u0159\u00edpad\u016f, kdy p\u0159ed t\u011bmito z\u00e1jmy maj\u00ed p\u0159ednost z\u00e1jmy subjektu \u00fadaj\u016f vy\u017eaduj\u00edc\u00ed ochranu osobn\u00edch \u00fadaj\u016f, zejm\u00e9na d\u00edt\u011bte.<\/li>\n<\/ul>\n<p>V ostatn\u00edch p\u0159\u00edpadech mus\u00ed b\u00fdt vy\u017e\u00e1d\u00e1n souhlas subjektu \u00fadaj\u016f. Je v\u0161ak nutn\u00e9 m\u00edt na v\u011bdom\u00ed, \u017ee je mo\u017en\u00e9 osobn\u00ed \u00fadaje zpracov\u00e1vat pouze za p\u0159edem jasn\u011b definovan\u00fdm \u00fa\u010delem (nen\u00ed mo\u017en\u00e9 zpracov\u00e1vat osobn\u00ed \u00fadaje s t\u00edm, \u017ee se to m\u016f\u017ee n\u011bkdy k n\u011b\u010demu hodit). Souhlas mus\u00ed b\u00fdt dobrovoln\u00fd, dolo\u017eiteln\u00fd, odli\u0161iteln\u00fd od ostatn\u00edch \u00fadaj\u016f a odvolateln\u00fd.<\/p>\n<h4>Zabezpe\u010den\u00ed osobn\u00edch \u00fadaj\u016f<\/h4>\n<p>Zabezpe\u010den\u00ed osobn\u00edch \u00fadaj\u016f m\u00e1 b\u00fdt provedeno s p\u0159ihl\u00e9dnut\u00edm ke stavu techniky, n\u00e1klad\u016fm na proveden\u00ed, povaze a rozsahu zpracov\u00e1n\u00ed, jako\u017e i jejich kategorii, kontextu a \u00fa\u010delu zpracov\u00e1n\u00ed a k r\u016fzn\u011b pravd\u011bpodobn\u00fdm a r\u016fzn\u011b z\u00e1va\u017en\u00fdm rizik\u016fm pro pr\u00e1va a svobody subjekt\u016f \u00fadaj\u016f. Je mo\u017en\u00e9, nikoliv povinn\u00e9, nap\u0159\u00edklad prov\u00e9st pseudonymizaci [nahrazen\u00ed identifika\u010dn\u00edch \u00fadaj\u016f k\u00f3dem (datab\u00e1ze vazeb k\u00f3d-identifika\u010dn\u00ed \u00fadaj je ulo\u017eena odd\u011blen\u011b)]\u00a0nebo \u0161ifrov\u00e1n\u00ed osobn\u00edch \u00fadaj\u016f. Mus\u00ed b\u00fdt p\u0159ijata takov\u00e1 opat\u0159en\u00ed, aby osobn\u00ed \u00fadaje zpracov\u00e1vala pouze fyzick\u00e1 osoba, kter\u00e1 je zpracov\u00e1v\u00e1 na pokyn spr\u00e1vce nebo zpracovatele. Jejich po\u010det by m\u011bl b\u00fdt minimalizov\u00e1n.<\/p>\n<h4>Pr\u00e1va subjektu \u00fadaj\u016f<\/h4>\n<p>Spr\u00e1vcem nesm\u00ed b\u00fdt ignorov\u00e1na pr\u00e1va subjekt\u016f \u00fadaj\u016f \u2013 pr\u00e1vo na informace, na p\u0159\u00edstup k osobn\u00edm \u00fadaj\u016fm, na opravu na dopln\u011bn\u00ed, na v\u00fdmaz. V\u00fdkon t\u011bchto pr\u00e1v mus\u00ed b\u00fdt bezplatn\u00fd, vyjma p\u0159\u00edpad\u016f zjevn\u011b ned\u016fvodn\u00fdch \u017e\u00e1dost\u00ed (nap\u0159\u00edklad neust\u00e1le se opakuj\u00edc\u00edch). Uskute\u010dn\u011bn m\u00e1 b\u00fdt bez zbyte\u010dn\u00e9ho odkladu, resp. do t\u0159iceti dn\u016f.<\/p>\n<p>Kdokoliv, kdo v d\u016fsledku poru\u0161en\u00ed GDPR utrp\u011bl hmotnou \u010di nehmotnou \u00fajmu, m\u00e1 pr\u00e1vo od spr\u00e1vce nebo zpracovatele obdr\u017eet n\u00e1hradu utrp\u011bn\u00e9 \u00fajmy.<\/p>\n<h4>Co je\u0161t\u011b nebylo uvedeno<\/h4>\n<p>Jak bylo zm\u00edn\u011bno v \u00favodu, nen\u00ed mo\u017en\u00e9, aby problematika GDPR zde byla pops\u00e1na komplexn\u011b. Opom\u00edj\u00edm povinnost ustanovit pov\u011b\u0159ence (novinka GDPR), kter\u00e1 se t\u00fdk\u00e1 jen omezen\u00e9ho okruhu spr\u00e1vc\u016f, posouzen\u00ed vlivu na ochranu osobn\u00edch \u00fadaj\u016f (op\u011bt se t\u00fdk\u00e1 omezen\u00e9ho okruhu), z\u00e1znamy o \u010dinnostech zpracov\u00e1n\u00ed,\u00a0kodexy (sdru\u017een\u00edmi p\u0159ijat\u00e1 pravidla pro r\u016fzn\u00e9 kategorie spr\u00e1vc\u016f nebo zpracovatel\u016f)\u00a0a osv\u011bd\u010den\u00ed, mo\u017enost subjektu \u00fadaj\u016f nechat se zastupovat p\u0159i pod\u00e1n\u00ed st\u00ed\u017enosti, p\u0159ed\u00e1v\u00e1n\u00ed osobn\u00edch \u00fadaj\u016f\u00a0v r\u00e1mci\u00a0\u00a0unii a mimo ni\u00a0atd.<\/p>\n<p>P\u0159i zpracov\u00e1n\u00ed osobn\u00edch \u00fadaj\u016f se nesm\u00ed zapom\u00ednat na dodr\u017een\u00ed odpov\u00eddaj\u00edc\u00edho zp\u016fsobu jejich likvidace.<\/p>\n<h4>Pokuty<\/h4>\n<p>Velk\u00fdm stra\u0161\u00e1kem se staly pokuty, kter\u00e9 mohou b\u00fdt podle GDPR ulo\u017eeny. Pravdou v\u0161ak je, \u017ee mohou b\u00fdt ulo\u017eeny, jak Na\u0159\u00edzen\u00ed uv\u00e1d\u00ed, podle okolnost\u00ed ka\u017ed\u00e9ho p\u0159\u00edpadu. Sankce, tedy nejen pokuty, maj\u00ed m\u00edt p\u0159edev\u0161\u00edm preventivn\u00ed, odstra\u0161uj\u00edc\u00ed a donucuj\u00edc\u00ed \u00fa\u010dinek, nikoliv likvida\u010dn\u00ed.<\/p>\n<p>Na\u0159\u00edzen\u00ed nepo\u017eaduje, \u017ee v p\u0159\u00edpad\u011b zji\u0161t\u011bn\u00ed mus\u00ed b\u00fdt pokuta ulo\u017eena. P\u0159i rozhodov\u00e1n\u00ed zda spr\u00e1vn\u00ed pokutu ulo\u017eit \u010di nikoliv a p\u0159\u00edpadn\u011b v jak\u00e9 v\u00fd\u0161i se zohled\u0148uje nap\u0159\u00edklad povaha, z\u00e1va\u017enost, d\u00e9lka poru\u0161en\u00ed s p\u0159ihl\u00e9dnut\u00edm k povaze, rozsahu a \u00fa\u010delu zpracov\u00e1n\u00ed, jako\u017e i k po\u010dtu dot\u010den\u00fdch subjekt\u016f \u00fadaj\u016f a jejich kategorie. T\u00e9\u017e je br\u00e1n z\u0159etel na to, zda se jednalo o \u00famysl nebo nedbalost, na kroky podniknut\u00e9 spr\u00e1vcem ke zm\u00edrn\u011bn\u00ed \u0161kod, p\u0159edchoz\u00ed poru\u0161en\u00ed spr\u00e1vce atd.<\/p>\n<p>Stanoven\u00e1 pokuta do v\u00fd\u0161e 20 000 000 EUR nebo do 4 % celosv\u011btov\u00e9ho obratu za p\u0159edchoz\u00ed finan\u010dn\u00ed rok (podle toho, kter\u00e1 hodnota je vy\u0161\u0161\u00ed) se vztahuje pouze na z\u00e1va\u017en\u011bj\u0161\u00ed poru\u0161en\u00ed (poru\u0161en\u00ed pr\u00e1v subjektu \u00fadaj\u016f, p\u0159ed\u00e1v\u00e1n\u00ed osobn\u00edch \u00fadaj\u016f atd.). Pro ta m\u00e9n\u011b z\u00e1va\u017en\u00e1 (nenahl\u00e1\u0161en\u00ed nebo neozn\u00e1men\u00ed p\u0159\u00edpadu poru\u0161en\u00ed zabezpe\u010den\u00ed osobn\u00edch \u00fadaj\u016f atd.)\u00a0jsou stanoveny polovi\u010dn\u00ed hodnoty.<\/p>\n<p>V souvislosti s v\u00fd\u0161\u00ed pokut\u00a0je nutn\u00e9 si uv\u011bdomit dva aspekty, a to\u00a0\u017ee pokuta m\u00e1 b\u00fdt odstra\u0161uj\u00edc\u00ed i pro nejv\u011bt\u0161\u00ed spole\u010dnosti sv\u011bta (proto tak vysok\u00e9 \u010d\u00e1stky), a \u017ee se budou ukl\u00e1dat podle okolnost\u00ed ka\u017ed\u00e9ho jednotliv\u00e9ho p\u0159\u00edpadu.<\/p>\n<p>Pokuty t\u00e9\u017e \u0159e\u0161\u00ed z\u00e1kon o zpracov\u00e1n\u00ed osobn\u00edch \u00fadaj\u016f.<\/p>\n<p style=\"text-align: right;\">2019-04-25<\/p>\n<p style=\"text-align: right;\">\n","protected":false},"excerpt":{"rendered":"<p>V p\u00e1tek 25. kv\u011btna 2018 nabyla \u00fa\u010dinnosti nov\u00e1 pr\u00e1vn\u00ed \u00faprava ochrany osobn\u00edch \u00fadaj\u016f. T\u00edmto dnem se ochrana osobn\u00edch \u00fadaj\u016f za\u010dala \u0159\u00eddit Na\u0159\u00edzen\u00edm Evropsk\u00e9ho parlamentu a Rady 2016\/679, o ochran\u011b fyzick\u00fdch osob v souvislosti se zpracov\u00e1n\u00edm osobn\u00edch \u00fadaj\u016f a o voln\u00e9m pohybu t\u011bchto \u00fadaj\u016f a o zru\u0161en\u00ed sm\u011brnice 95\/46\/ES, zkr\u00e1cen\u011b naz\u00fdvan\u00fdm GDPR. Vzhledem k tomu, \u017ee [&hellip;]<\/p>\n","protected":false},"author":1,"featured_media":0,"parent":0,"menu_order":0,"comment_status":"closed","ping_status":"closed","template":"","meta":[],"_links":{"self":[{"href":"http:\/\/bozppo-neu.cz\/index.php?rest_route=\/wp\/v2\/pages\/2699"}],"collection":[{"href":"http:\/\/bozppo-neu.cz\/index.php?rest_route=\/wp\/v2\/pages"}],"about":[{"href":"http:\/\/bozppo-neu.cz\/index.php?rest_route=\/wp\/v2\/types\/page"}],"author":[{"embeddable":true,"href":"http:\/\/bozppo-neu.cz\/index.php?rest_route=\/wp\/v2\/users\/1"}],"replies":[{"embeddable":true,"href":"http:\/\/bozppo-neu.cz\/index.php?rest_route=%2Fwp%2Fv2%2Fcomments&post=2699"}],"version-history":[{"count":55,"href":"http:\/\/bozppo-neu.cz\/index.php?rest_route=\/wp\/v2\/pages\/2699\/revisions"}],"predecessor-version":[{"id":6128,"href":"http:\/\/bozppo-neu.cz\/index.php?rest_route=\/wp\/v2\/pages\/2699\/revisions\/6128"}],"wp:attachment":[{"href":"http:\/\/bozppo-neu.cz\/index.php?rest_route=%2Fwp%2Fv2%2Fmedia&parent=2699"}],"curies":[{"name":"wp","href":"https:\/\/api.w.org\/{rel}","templated":true}]}}