{"id":1189,"date":"2017-01-27T18:25:00","date_gmt":"2017-01-27T17:25:00","guid":{"rendered":"http:\/\/bozppo-neu.cz\/?page_id=1189"},"modified":"2023-04-02T10:57:56","modified_gmt":"2023-04-02T08:57:56","slug":"pouziti-rodneho-cisla-v-dokumentaci-bozp-nebo-po","status":"publish","type":"page","link":"http:\/\/bozppo-neu.cz\/?page_id=1189","title":{"rendered":"Pou\u017eit\u00ed rodn\u00e9ho \u010d\u00edsla v dokumentaci BOZP nebo PO"},"content":{"rendered":"<p>Rodn\u00e9 \u010d\u00edslo je n\u00e1rodn\u00edm identifik\u00e1torem ob\u010dana. Z tohoto d\u016fvodu je jeho pou\u017e\u00edv\u00e1n\u00ed upraveno pr\u00e1vn\u00edm p\u0159edpisem &#8211; z\u00e1konem \u010d. 133\/2000 Sb., o evidenci obyvatel a rodn\u00fdch \u010d\u00edslech a o zm\u011bn\u011b n\u011bkter\u00fdch z\u00e1kon\u016f, ve zn\u011bn\u00ed pozd\u011bj\u0161\u00edch p\u0159edpis\u016f.<\/p>\n<p>Z\u00e1kon v \u00a7 13c stanovuje, kdy lze rodn\u00e9 \u010d\u00edslo vyu\u017e\u00edvat:<\/p>\n<ul>\n<li>jde-li o \u010dinnost ministerstev, jin\u00fdch spr\u00e1vn\u00edch \u00fa\u0159ad\u016f, org\u00e1n\u016f pov\u011b\u0159en\u00fdch v\u00fdkonem st\u00e1tn\u00ed spr\u00e1vy, soud\u016f, vypl\u00fdvaj\u00edc\u00ed z jejich z\u00e1konem stanoven\u00e9 p\u016fsobnosti, nebo not\u00e1\u0159\u016f pro pot\u0159ebu veden\u00ed Centr\u00e1ln\u00ed evidence z\u00e1v\u011bt\u00ed,<\/li>\n<li>stanov\u00ed-li tak zvl\u00e1\u0161tn\u00ed z\u00e1kon, nebo<\/li>\n<li>se souhlasem nositele rodn\u00e9ho \u010d\u00edsla nebo jeho z\u00e1konn\u00e9ho z\u00e1stupce.<\/li>\n<\/ul>\n<p>Z uveden\u00e9ho jasn\u011b vypl\u00fdv\u00e1, \u017ee bez souhlasu nositele rodn\u00e9ho \u010d\u00edsla nelze tento identifik\u00e1tor vyu\u017e\u00edvat v dokumentaci BOZP, ani PO. Proto nap\u0159\u00edklad prezen\u010dn\u00ed listina \u0161kolen\u00ed BOZP, resp. PO, nem\u00e1 obsahovat rubriku &#8222;rodn\u00e9 \u010d\u00edslo&#8220;. Stejn\u011b to plat\u00ed u dal\u0161\u00edch dokument\u016f &#8211; ustanoven\u00ed \u010dlena preventivn\u00ed po\u017e\u00e1rn\u00ed hl\u00eddky, eviden\u010dn\u00edho listu poskytnut\u00fdch osobn\u00edch ochrann\u00fdch pracovn\u00edch prost\u0159edk\u016f atd.<\/p>\n<div class=\"pismeno\"><\/div>\n<p class=\"pismeno\">Existuje v\u0161ak v\u00fdjimka. Je j\u00ed evidence v\u00fdkonu rizikov\u00e9 pr\u00e1ce podle \u00a7 40 z\u00e1kona \u010d. 258\/2000 Sb., ve zn\u011bn\u00ed pozd\u011bj\u0161\u00edch p\u0159edpis\u016f (<a href=\"http:\/\/bozppo-neu.cz\/wp-content\/uploads\/2018\/01\/EVIDENCE-V%C3%9DKONU-RIZIKOV%C3%89-PR%C3%81CE.pdf\">vzor formul\u00e1\u0159e<\/a>). Pro ni je stanoveno, \u017ee mus\u00ed obsahovat \u00fadaj rodn\u00e9 \u010d\u00edslo. V tomto p\u0159\u00edpad\u011b se jedn\u00e1 o stanoven\u00ed zvl\u00e1\u0161tn\u00edm z\u00e1konem, a proto je nejen mo\u017en\u00e9, ale povinn\u00e9 zde rodn\u00e9 \u010d\u00edslo uv\u00e1d\u011bt.<\/p>\n<p class=\"pismeno\" style=\"text-align: right;\">2017-01-27<\/p>\n<p class=\"pismeno\" style=\"text-align: right;\">\n<\/p><p class=\"pismeno\" style=\"text-align: left;\"><\/p>\n\n\n<pre class=\"wp-block-code\"><code><p align=\"center\"><a href=\"http:\/\/bozppo-neu.cz\/?page_id=5080\"><img decoding=\"async\" loading=\"lazy\" src=\"http:\/\/bozppo-neu.cz\/img\/menubutton.jpg\" alt=\"o uroven vyse\" width=\"50\" height=\"72\"><\/a><\/p><\/code><\/pre>\n","protected":false},"excerpt":{"rendered":"<p>Rodn\u00e9 \u010d\u00edslo je n\u00e1rodn\u00edm identifik\u00e1torem ob\u010dana. Z tohoto d\u016fvodu je jeho pou\u017e\u00edv\u00e1n\u00ed upraveno pr\u00e1vn\u00edm p\u0159edpisem &#8211; z\u00e1konem \u010d. 133\/2000 Sb., o evidenci obyvatel a rodn\u00fdch \u010d\u00edslech a o zm\u011bn\u011b n\u011bkter\u00fdch z\u00e1kon\u016f, ve zn\u011bn\u00ed pozd\u011bj\u0161\u00edch p\u0159edpis\u016f. Z\u00e1kon v \u00a7 13c stanovuje, kdy lze rodn\u00e9 \u010d\u00edslo vyu\u017e\u00edvat: jde-li o \u010dinnost ministerstev, jin\u00fdch spr\u00e1vn\u00edch \u00fa\u0159ad\u016f, org\u00e1n\u016f pov\u011b\u0159en\u00fdch v\u00fdkonem [&hellip;]<\/p>\n","protected":false},"author":1,"featured_media":0,"parent":0,"menu_order":0,"comment_status":"closed","ping_status":"closed","template":"","meta":[],"_links":{"self":[{"href":"http:\/\/bozppo-neu.cz\/index.php?rest_route=\/wp\/v2\/pages\/1189"}],"collection":[{"href":"http:\/\/bozppo-neu.cz\/index.php?rest_route=\/wp\/v2\/pages"}],"about":[{"href":"http:\/\/bozppo-neu.cz\/index.php?rest_route=\/wp\/v2\/types\/page"}],"author":[{"embeddable":true,"href":"http:\/\/bozppo-neu.cz\/index.php?rest_route=\/wp\/v2\/users\/1"}],"replies":[{"embeddable":true,"href":"http:\/\/bozppo-neu.cz\/index.php?rest_route=%2Fwp%2Fv2%2Fcomments&post=1189"}],"version-history":[{"count":12,"href":"http:\/\/bozppo-neu.cz\/index.php?rest_route=\/wp\/v2\/pages\/1189\/revisions"}],"predecessor-version":[{"id":5430,"href":"http:\/\/bozppo-neu.cz\/index.php?rest_route=\/wp\/v2\/pages\/1189\/revisions\/5430"}],"wp:attachment":[{"href":"http:\/\/bozppo-neu.cz\/index.php?rest_route=%2Fwp%2Fv2%2Fmedia&parent=1189"}],"curies":[{"name":"wp","href":"https:\/\/api.w.org\/{rel}","templated":true}]}}